{"id":4149,"date":"2026-04-24T17:13:01","date_gmt":"2026-04-24T15:13:01","guid":{"rendered":"https:\/\/www.auto-gazda.pl\/volkswagen\/?post_type=samochody&#038;p=4149"},"modified":"2026-04-24T17:13:54","modified_gmt":"2026-04-24T15:13:54","slug":"tayron-r-line-plus-2-0-tdi-4motion-193km","status":"publish","type":"samochody","link":"https:\/\/www.auto-gazda.pl\/volkswagen\/samochody\/tayron-r-line-plus-2-0-tdi-4motion-193km\/","title":{"rendered":"Tayron R-line Plus 2.0 TDI 4MOTION 193KM"},"content":{"rendered":"<p>Jedyny Autoryzowany salon Volkswagena Auto-Gazda w Bielsku-Bia\u0142ej ma zaszczyt zaprezentowa\u0107<\/p>\n<p>&nbsp;<\/p>\n<p><strong>VOLKSWAGEN TAYRON ELEGANCE<\/strong><\/p>\n<p><strong>!SAMOCH\u00d3D DOST\u0118PNY OD R\u0118KI!<\/strong><\/p>\n<p>#1 Cena katalogowa: 293 820 z\u0142<\/p>\n<p>#2 Cena po rabacie standardowym: 273 820 z\u0142<\/p>\n<p>#3 Cena przy zakupie na osob\u0119 prywatn\u0105 z grup\u0105 zawodow\u0105 lub przy zakupie na firm\u0119: <strong>269 820<\/strong>\u00a0z\u0142<\/p>\n<p>&nbsp;<\/p>\n<p><strong>Opis pojazdu:<\/strong><\/p>\n<p>MARKA: Volkswagen<\/p>\n<p>MODEL: Tayron R-Line<\/p>\n<p>KOLOR: Czarny &#8222;Grenadilla&#8221; metalik<\/p>\n<p>SILNIK: 2.0 TDI 4MOTION193 KM<\/p>\n<p>SKRZYNIA: automatyczna, DSG 7-stopniowa<\/p>\n<p><strong>ELEMENTY WYPOSA\u017bENIA DODATKOWEGO:<\/strong><\/p>\n<p>&nbsp;<\/p>\n<ul>\n<li><strong>Nadwozie 7 miejscowe (2+3+2)<\/strong><\/li>\n<\/ul>\n<p>&nbsp;<\/p>\n<ul>\n<li><strong>Hak holowniczy, elektrycznie rozk\u0142adany i sk\u0142adany z Systemem Trailer Assist<\/strong><\/li>\n<li><strong>Ko\u0142o zapasowe, dojazdowe<\/strong><\/li>\n<li><strong>Pakiet Easy Open\/Close z alarmem i Park Assist Pro<\/strong><\/li>\n<li><strong>Pakiet system\u00f3w asystuj\u0105cych IQ. Drive High z kamer\u0105 360 stopni<\/strong><\/li>\n<li><strong>Reflektory IQ.Light HD LED Matrix<\/strong><\/li>\n<li><strong>Pakiet Multimedia z wy\u015bwietlaczem 15&#8243;<\/strong><\/li>\n<li><strong>Pakiet stylistyczny R-Line Black Style<\/strong><\/li>\n<li><strong>Pakiet Zimowy<\/strong><\/li>\n<li><strong>Dodatkowa os\u0142ona podwozia<\/strong><\/li>\n<\/ul>\n<p>&nbsp;<\/p>\n<p><strong>WYBRANE ELEMENTY WYPOSA\u017bENIA STANDARDOWEGO:<\/strong><\/p>\n<p>&#8211; Reflektory LED Plus<\/p>\n<p>&#8211; Tylne lampy zespolone 3D LED<\/p>\n<p>&#8211; Reflektory przeciwmgielne z funkcj\u0105 stat statycznego do\u015bwietlania zakr\u0119t\u00f3w<\/p>\n<p>&#8211; Tylne \u015bwiat\u0142o przeciwmgielne<\/p>\n<p>&#8211; Dynamiczna regulacja zasi\u0119gu reflektor\u00f3w z dynamicznym do\u015bwietlaniem zakr\u0119t\u00f3w<\/p>\n<p>&#8211; Light Assist &#8211; czujnik automatycznej zmiany \u015bwiate\u0142 mijania na drogowe<\/p>\n<p>&#8211; Szyba tylna oraz boczne tylne przyciemniane, szyby boczne d\u017awi\u0119koszczelne<\/p>\n<p>&#8211; Listwy dooko\u0142a szyb bocznych, chromowane<\/p>\n<p>&#8211; Lusterka zewn\u0119trzne, elektrycznie sk\u0142adane, podgrzewane<\/p>\n<p>&#8211; Pod\u015bwietlane listwy mi\u0119dzy reflektorami i tylnymi lampami, pod\u015bwietlone wg\u0142\u0119bienia klamek drzwi<\/p>\n<p>&#8211; Kierownica wielofunkcyjna obszyta sk\u00f3r\u0105, podgrzewana, z \u0142opatkami zmiany bieg\u00f3w<\/p>\n<p>&#8211; O\u015bwietlenie Ambient Plus- o\u015bwietlenie LED przestrzeni na nogi-30 kolor\u00f3w pod\u015bwietlenia<\/p>\n<p>&#8211; Fotele przednie z regulacja wysoko\u015bci, fotel kierowcy ErgoActive<\/p>\n<p>&#8211; Pneumatycznie regulowane podparcie l\u0119d\u017awiowe dla przednich foteli<\/p>\n<p>&#8211; Fotele przednie, podgrzewane<\/p>\n<p>&#8211; Przednie fotele z funkcj\u0105 masa\u017cu<\/p>\n<p>&#8211; Pod\u0142okietnik z przodu regulowany na wysoko\u015b\u0107, ze schowkiem oraz dwoma nawiewami powietrza dla pasa\u017cer\u00f3w z ty\u0142u<\/p>\n<p>&#8211; Kanapa tylna asymetrycznie przesuwana i sk\u0142adana, z pod\u0142okietnikiem i otworem do przewo\u017cenia d\u0142ugich przedmiot\u00f3w<\/p>\n<p>&#8211; System Lane Assist &#8211; asystent utrzymania pasa ruchu<\/p>\n<p>&#8211; System Rear Assist &#8211; kamera cofania<\/p>\n<p>&#8211; Asystent zmiany pasa ruchu Side Assist z Rear Traffic Alert oraz funkcj\u0105 ostrzegania przy wysiadaniu z samochodu<\/p>\n<p>&#8211; System Front Cross Traffic Assist &#8211; asystent jazdy przez skrzy\u017cowanie<\/p>\n<p>&#8211; Funkcja hamowania przed nadje\u017cd\u017caj\u0105cym pojazdem podczas skr\u0119tu z asystentem wymijania<\/p>\n<p>&#8211; Elektromechaniczny hamulec postojowy z funkcj\u0105 Auto Hold<\/p>\n<p>&#8211; Alarm antyw\u0142amaniowy z funkcj\u0105 dozoru wn\u0119trza i ochron\u0105 przed odholowaniem<\/p>\n<p>&#8211; Klimatyzacja &#8222;&#8221;Climatronic&#8221;&#8221;, regulowana automatycznie, 3-strefowa z panelem do sterowania z ty\u0142u<\/p>\n<p>&#8211; System Easy Open\/Close &#8211; bezdotykowe otwieranie i zamykanie pokrywy baga\u017cnika<\/p>\n<p>&#8211; Digital Cockpit Pro &#8211; Cyfrowy zestaw wska\u017anik\u00f3w, personalizowany<\/p>\n<p>&#8211; Wy\u015bwietlacz systemu infotainment 12.9&#8243;&#8221;<\/p>\n<p>&#8211; Bezprzewodowy App Connect &#8211; widok ekranu smartfona na wy\u015bwietlaczu systemu Infotainment<\/p>\n<p>&#8211; System rozpoznawania znak\u00f3w drogowych<\/p>\n<p>&nbsp;<\/p>\n<p>PRZYJMUJEMY SAMOCHODY U\u017bYWANE DOWOLNEJ MARKI W ROZLICZENIU.<\/p>\n<p>SPRAWD\u0179 KORZYSTNE WARUNKI FINANSOWANIA, UBEZPIECZENIA, SERWISU<\/p>\n<p>&nbsp;<\/p>\n<p>JE\u015aLI SZUKASZ INNEJ SPECYFIKACJI SKONFIGURUJEMY SAMOCH\u00d3D SPECJALNIE DLA CIEBIE.<\/p>\n<p>NASZ DORADCA CH\u0118TNIE ODPOWIE NA TWOJE PYTANIA &#8211; ZADZWO\u0143 &#8211; Wy\u015bwietl numer<\/p>\n<p>&nbsp;<\/p>\n<p>Tre\u015b\u0107 og\u0142oszenia nie stanowi w rozumieniu prawa oferty handlowej, jest jedynie tre\u015bci\u0105 informacyjn\u0105 w my\u015bl art.66,\u00a71 Kodeksu Cywilnego. Sprzedaj\u0105cy nie odpowiada za ewentualne b\u0142\u0119dy lub nieaktualno\u015bci og\u0142oszenia.<\/p>\n<p>&nbsp;<\/p>\n<p>&nbsp;<\/p>\n","protected":false},"excerpt":{"rendered":"<p>Jedyny Autoryzowany salon Volkswagena Auto-Gazda w Bielsku-Bia\u0142ej ma zaszczyt zaprezentowa\u0107 &nbsp; VOLKSWAGEN TAYRON ELEGANCE !SAMOCH\u00d3D DOST\u0118PNY OD R\u0118KI! #1 Cena katalogowa: 293 820 z\u0142 #2 Cena po rabacie standardowym: 273 820 z\u0142 #3 Cena przy zakupie na osob\u0119 prywatn\u0105 z grup\u0105 zawodow\u0105 lub przy zakupie na firm\u0119: 269 820\u00a0z\u0142 &nbsp; Opis pojazdu: MARKA: Volkswagen MODEL: [&hellip;]<\/p>\n","protected":false},"author":76,"featured_media":4150,"template":"","marki":[33],"modele":[56],"stany":[23],"rodzaje-paliwa":[12],"skrzynie-biegow":[6],"napedy":[5],"lokalizacje":[10],"class_list":["post-4149","samochody","type-samochody","status-publish","has-post-thumbnail","hentry","marki-volkswagen","modele-tayron","stany-nowy","rodzaje_paliwa-diesel","skrzynie_biegow-automatyczna","napedy-4x4","lokalizacje-bielsko-biala"],"acf":[],"_links":{"self":[{"href":"https:\/\/www.auto-gazda.pl\/volkswagen\/wp-json\/wp\/v2\/samochody\/4149","targetHints":{"allow":["GET"]}}],"collection":[{"href":"https:\/\/www.auto-gazda.pl\/volkswagen\/wp-json\/wp\/v2\/samochody"}],"about":[{"href":"https:\/\/www.auto-gazda.pl\/volkswagen\/wp-json\/wp\/v2\/types\/samochody"}],"author":[{"embeddable":true,"href":"https:\/\/www.auto-gazda.pl\/volkswagen\/wp-json\/wp\/v2\/users\/76"}],"wp:featuredmedia":[{"embeddable":true,"href":"https:\/\/www.auto-gazda.pl\/volkswagen\/wp-json\/wp\/v2\/media\/4150"}],"wp:attachment":[{"href":"https:\/\/www.auto-gazda.pl\/volkswagen\/wp-json\/wp\/v2\/media?parent=4149"}],"wp:term":[{"taxonomy":"marki","embeddable":true,"href":"https:\/\/www.auto-gazda.pl\/volkswagen\/wp-json\/wp\/v2\/marki?post=4149"},{"taxonomy":"modele","embeddable":true,"href":"https:\/\/www.auto-gazda.pl\/volkswagen\/wp-json\/wp\/v2\/modele?post=4149"},{"taxonomy":"stany","embeddable":true,"href":"https:\/\/www.auto-gazda.pl\/volkswagen\/wp-json\/wp\/v2\/stany?post=4149"},{"taxonomy":"rodzaje_paliwa","embeddable":true,"href":"https:\/\/www.auto-gazda.pl\/volkswagen\/wp-json\/wp\/v2\/rodzaje-paliwa?post=4149"},{"taxonomy":"skrzynie_biegow","embeddable":true,"href":"https:\/\/www.auto-gazda.pl\/volkswagen\/wp-json\/wp\/v2\/skrzynie-biegow?post=4149"},{"taxonomy":"napedy","embeddable":true,"href":"https:\/\/www.auto-gazda.pl\/volkswagen\/wp-json\/wp\/v2\/napedy?post=4149"},{"taxonomy":"lokalizacje","embeddable":true,"href":"https:\/\/www.auto-gazda.pl\/volkswagen\/wp-json\/wp\/v2\/lokalizacje?post=4149"}],"curies":[{"name":"wp","href":"https:\/\/api.w.org\/{rel}","templated":true}]}}

<p>Jedyny Autoryzowany salon Volkswagena Auto-Gazda w Bielsku-Białej ma zaszczyt zaprezentować</p>
<p>&nbsp;</p>
<p><strong>VOLKSWAGEN TAYRON ELEGANCE</strong></p>
<p><strong>!SAMOCHÓD DOSTĘPNY OD RĘKI!</strong></p>
<p>#1 Cena katalogowa: 293 820 zł</p>
<p>#2 Cena po rabacie standardowym: 273 820 zł</p>
<p>#3 Cena przy zakupie na osobę prywatną z grupą zawodową lub przy zakupie na firmę: <strong>269 820</strong> zł</p>
<p>&nbsp;</p>
<p><strong>Opis pojazdu:</strong></p>
<p>MARKA: Volkswagen</p>
<p>MODEL: Tayron R-Line</p>
<p>KOLOR: Czarny &#8222;Grenadilla&#8221; metalik</p>
<p>SILNIK: 2.0 TDI 4MOTION193 KM</p>
<p>SKRZYNIA: automatyczna, DSG 7-stopniowa</p>
<p><strong>ELEMENTY WYPOSAŻENIA DODATKOWEGO:</strong></p>
<p>&nbsp;</p>
<ul>
<li><strong>Nadwozie 7 miejscowe (2+3+2)</strong></li>
</ul>
<p>&nbsp;</p>
<ul>
<li><strong>Hak holowniczy, elektrycznie rozkładany i składany z Systemem Trailer Assist</strong></li>
<li><strong>Koło zapasowe, dojazdowe</strong></li>
<li><strong>Pakiet Easy Open/Close z alarmem i Park Assist Pro</strong></li>
<li><strong>Pakiet systemów asystujących IQ. Drive High z kamerą 360 stopni</strong></li>
<li><strong>Reflektory IQ.Light HD LED Matrix</strong></li>
<li><strong>Pakiet Multimedia z wyświetlaczem 15&#8243;</strong></li>
<li><strong>Pakiet stylistyczny R-Line Black Style</strong></li>
<li><strong>Pakiet Zimowy</strong></li>
<li><strong>Dodatkowa osłona podwozia</strong></li>
</ul>
<p>&nbsp;</p>
<p><strong>WYBRANE ELEMENTY WYPOSAŻENIA STANDARDOWEGO:</strong></p>
<p>&#8211; Reflektory LED Plus</p>
<p>&#8211; Tylne lampy zespolone 3D LED</p>
<p>&#8211; Reflektory przeciwmgielne z funkcją stat statycznego doświetlania zakrętów</p>
<p>&#8211; Tylne światło przeciwmgielne</p>
<p>&#8211; Dynamiczna regulacja zasięgu reflektorów z dynamicznym doświetlaniem zakrętów</p>
<p>&#8211; Light Assist &#8211; czujnik automatycznej zmiany świateł mijania na drogowe</p>
<p>&#8211; Szyba tylna oraz boczne tylne przyciemniane, szyby boczne dźwiękoszczelne</p>
<p>&#8211; Listwy dookoła szyb bocznych, chromowane</p>
<p>&#8211; Lusterka zewnętrzne, elektrycznie składane, podgrzewane</p>
<p>&#8211; Podświetlane listwy między reflektorami i tylnymi lampami, podświetlone wgłębienia klamek drzwi</p>
<p>&#8211; Kierownica wielofunkcyjna obszyta skórą, podgrzewana, z łopatkami zmiany biegów</p>
<p>&#8211; Oświetlenie Ambient Plus- oświetlenie LED przestrzeni na nogi-30 kolorów podświetlenia</p>
<p>&#8211; Fotele przednie z regulacja wysokości, fotel kierowcy ErgoActive</p>
<p>&#8211; Pneumatycznie regulowane podparcie lędźwiowe dla przednich foteli</p>
<p>&#8211; Fotele przednie, podgrzewane</p>
<p>&#8211; Przednie fotele z funkcją masażu</p>
<p>&#8211; Podłokietnik z przodu regulowany na wysokość, ze schowkiem oraz dwoma nawiewami powietrza dla pasażerów z tyłu</p>
<p>&#8211; Kanapa tylna asymetrycznie przesuwana i składana, z podłokietnikiem i otworem do przewożenia długich przedmiotów</p>
<p>&#8211; System Lane Assist &#8211; asystent utrzymania pasa ruchu</p>
<p>&#8211; System Rear Assist &#8211; kamera cofania</p>
<p>&#8211; Asystent zmiany pasa ruchu Side Assist z Rear Traffic Alert oraz funkcją ostrzegania przy wysiadaniu z samochodu</p>
<p>&#8211; System Front Cross Traffic Assist &#8211; asystent jazdy przez skrzyżowanie</p>
<p>&#8211; Funkcja hamowania przed nadjeżdżającym pojazdem podczas skrętu z asystentem wymijania</p>
<p>&#8211; Elektromechaniczny hamulec postojowy z funkcją Auto Hold</p>
<p>&#8211; Alarm antywłamaniowy z funkcją dozoru wnętrza i ochroną przed odholowaniem</p>
<p>&#8211; Klimatyzacja &#8222;&#8221;Climatronic&#8221;&#8221;, regulowana automatycznie, 3-strefowa z panelem do sterowania z tyłu</p>
<p>&#8211; System Easy Open/Close &#8211; bezdotykowe otwieranie i zamykanie pokrywy bagażnika</p>
<p>&#8211; Digital Cockpit Pro &#8211; Cyfrowy zestaw wskaźników, personalizowany</p>
<p>&#8211; Wyświetlacz systemu infotainment 12.9&#8243;&#8221;</p>
<p>&#8211; Bezprzewodowy App Connect &#8211; widok ekranu smartfona na wyświetlaczu systemu Infotainment</p>
<p>&#8211; System rozpoznawania znaków drogowych</p>
<p>&nbsp;</p>
<p>PRZYJMUJEMY SAMOCHODY UŻYWANE DOWOLNEJ MARKI W ROZLICZENIU.</p>
<p>SPRAWDŹ KORZYSTNE WARUNKI FINANSOWANIA, UBEZPIECZENIA, SERWISU</p>
<p>&nbsp;</p>
<p>JEŚLI SZUKASZ INNEJ SPECYFIKACJI SKONFIGURUJEMY SAMOCHÓD SPECJALNIE DLA CIEBIE.</p>
<p>NASZ DORADCA CHĘTNIE ODPOWIE NA TWOJE PYTANIA &#8211; ZADZWOŃ &#8211; Wyświetl numer</p>
<p>&nbsp;</p>
<p>Treść ogłoszenia nie stanowi w rozumieniu prawa oferty handlowej, jest jedynie treścią informacyjną w myśl art.66,§1 Kodeksu Cywilnego. Sprzedający nie odpowiada za ewentualne błędy lub nieaktualności ogłoszenia.</p>
<p>&nbsp;</p>
<p>&nbsp;</p>

<p>Jedyny Autoryzowany salon Volkswagena Auto-Gazda w Bielsku-Białej ma zaszczyt zaprezentować &nbsp; VOLKSWAGEN TAYRON ELEGANCE !SAMOCHÓD DOSTĘPNY OD RĘKI! #1 Cena katalogowa: 293 820 zł #2 Cena po rabacie standardowym: 273 820 zł #3 Cena przy zakupie na osobę prywatną z grupą zawodową lub przy zakupie na firmę: 269 820 zł &nbsp; Opis pojazdu: MARKA: Volkswagen MODEL: [&hellip;]</p>
