{"id":675,"date":"2022-11-08T11:07:58","date_gmt":"2022-11-08T10:07:58","guid":{"rendered":"https:\/\/www.auto-gazda.pl\/skoda\/?page_id=675"},"modified":"2026-03-23T12:52:10","modified_gmt":"2026-03-23T11:52:10","slug":"skoda-kodiaq","status":"publish","type":"page","link":"https:\/\/www.auto-gazda.pl\/skoda\/lp\/skoda-kodiaq\/","title":{"rendered":"Kodiaq"},"content":{"rendered":"<h1 style=\"text-align: center;\">\u0160KODA KODIAQ<\/h1>\n<p style=\"text-align: left;\">Nowa \u0160koda Kodiaq charakteryzuje si\u0119 pe\u0142nymi wdzi\u0119ki liniami, dynamicznymi krzywiznami i solidnym wygl\u0105dem, dzi\u0119ki czemu jest natychmiast rozpoznawalna.<\/p>\n<p style=\"text-align: left;\">Teraz \u0160koda Kodiaq wyst\u0119puje w wersji specjalnej Drive!<\/p>\n<div class=\"row\" data-component=\"module-headline\" data-testid=\"component-module-headline\">\n<div class=\"col-12 \">\n<div class=\"module-headline\">\n<h3 class=\"h3\" data-module-headline=\"true\">Poznaj ofert\u0119 finansowania z nisk\u0105 miesi\u0119czn\u0105 rat\u0105<\/h3>\n<\/div>\n<\/div>\n<\/div>\n<div data-testid=\"component-markup\">\n<p>\u0160koda Kodiaq Drive 1.5 TSI 110 kW dost\u0119pna jest w finansowaniu od\u00a0<strong>1 253 z\u0142<\/strong> brutto \/ mies. (RRSO: 6,61%) w ofercie Kredyt Niskich Rat, lub od\u00a0<strong>1 168 z\u0142<\/strong>\u00a0netto \/ mies. w ofercie dla przedsi\u0119biorc\u00f3w Leasing Niskich Rat. Przy umowie na 36 miesi\u0119cy, z wk\u0142adem w\u0142asnym 20% dla kredytu lub 10% dla leasingu.<\/p>\n<p>Odkryj wersj\u0119 specjaln\u0105 \u0160koda Kodiaq Drive i ciesz si\u0119 atrakcyjnym wyposa\u017ceniem, a dzi\u0119ki Pakietowi Serwisowemu Standard oraz ochronie pogwarancyjnej mo\u017cesz zapomnie\u0107 o troskach zwi\u0105zanych z u\u017cytkowaniem swojego auta.<\/p>\n<\/div>\n","protected":false},"excerpt":{"rendered":"<p>\u0160KODA KODIAQ Nowa \u0160koda Kodiaq charakteryzuje si\u0119 pe\u0142nymi wdzi\u0119ki liniami, dynamicznymi krzywiznami i solidnym wygl\u0105dem, dzi\u0119ki czemu jest natychmiast rozpoznawalna. Teraz \u0160koda Kodiaq wyst\u0119puje w wersji specjalnej Drive! Poznaj ofert\u0119 finansowania z nisk\u0105 miesi\u0119czn\u0105 rat\u0105 \u0160koda Kodiaq Drive 1.5 TSI 110 kW dost\u0119pna jest w finansowaniu od\u00a01 253 z\u0142 brutto \/ mies. (RRSO: 6,61%) w [&hellip;]<\/p>\n","protected":false},"author":3,"featured_media":748,"parent":522,"menu_order":16,"comment_status":"closed","ping_status":"closed","template":"","meta":{"_acf_changed":false,"footnotes":""},"class_list":["post-675","page","type-page","status-publish","has-post-thumbnail","hentry"],"acf":[],"_links":{"self":[{"href":"https:\/\/www.auto-gazda.pl\/skoda\/wp-json\/wp\/v2\/pages\/675","targetHints":{"allow":["GET"]}}],"collection":[{"href":"https:\/\/www.auto-gazda.pl\/skoda\/wp-json\/wp\/v2\/pages"}],"about":[{"href":"https:\/\/www.auto-gazda.pl\/skoda\/wp-json\/wp\/v2\/types\/page"}],"author":[{"embeddable":true,"href":"https:\/\/www.auto-gazda.pl\/skoda\/wp-json\/wp\/v2\/users\/3"}],"replies":[{"embeddable":true,"href":"https:\/\/www.auto-gazda.pl\/skoda\/wp-json\/wp\/v2\/comments?post=675"}],"version-history":[{"count":0,"href":"https:\/\/www.auto-gazda.pl\/skoda\/wp-json\/wp\/v2\/pages\/675\/revisions"}],"up":[{"embeddable":true,"href":"https:\/\/www.auto-gazda.pl\/skoda\/wp-json\/wp\/v2\/pages\/522"}],"wp:featuredmedia":[{"embeddable":true,"href":"https:\/\/www.auto-gazda.pl\/skoda\/wp-json\/wp\/v2\/media\/748"}],"wp:attachment":[{"href":"https:\/\/www.auto-gazda.pl\/skoda\/wp-json\/wp\/v2\/media?parent=675"}],"curies":[{"name":"wp","href":"https:\/\/api.w.org\/{rel}","templated":true}]}}