{"id":670,"date":"2022-11-08T11:06:07","date_gmt":"2022-11-08T10:06:07","guid":{"rendered":"https:\/\/www.auto-gazda.pl\/skoda\/?page_id=670"},"modified":"2024-04-16T14:32:58","modified_gmt":"2024-04-16T12:32:58","slug":"skoda-scala","status":"publish","type":"page","link":"https:\/\/www.auto-gazda.pl\/skoda\/lp\/skoda-scala\/","title":{"rendered":"Scala"},"content":{"rendered":"<h1 style=\"text-align: center;\">\u0160KODA SCALA<\/h1>\n<p style=\"text-align: center;\">Elegancka i dynamiczna \u0160koda Scala. Dzi\u0119ki niej nigdy nie zginiesz w t\u0142umie, a ka\u017cdego dnia b\u0119dziesz delektowa\u0107 si\u0119 nowoczesnym i ponadczasowym stylem.<\/p>\n","protected":false},"excerpt":{"rendered":"<p>\u0160KODA SCALA Elegancka i dynamiczna \u0160koda Scala. Dzi\u0119ki niej nigdy nie zginiesz w t\u0142umie, a ka\u017cdego dnia b\u0119dziesz delektowa\u0107 si\u0119 nowoczesnym i ponadczasowym stylem.<\/p>\n","protected":false},"author":3,"featured_media":0,"parent":522,"menu_order":18,"comment_status":"closed","ping_status":"closed","template":"","meta":{"_acf_changed":false,"footnotes":""},"class_list":["post-670","page","type-page","status-publish","hentry"],"acf":[],"_links":{"self":[{"href":"https:\/\/www.auto-gazda.pl\/skoda\/wp-json\/wp\/v2\/pages\/670","targetHints":{"allow":["GET"]}}],"collection":[{"href":"https:\/\/www.auto-gazda.pl\/skoda\/wp-json\/wp\/v2\/pages"}],"about":[{"href":"https:\/\/www.auto-gazda.pl\/skoda\/wp-json\/wp\/v2\/types\/page"}],"author":[{"embeddable":true,"href":"https:\/\/www.auto-gazda.pl\/skoda\/wp-json\/wp\/v2\/users\/3"}],"replies":[{"embeddable":true,"href":"https:\/\/www.auto-gazda.pl\/skoda\/wp-json\/wp\/v2\/comments?post=670"}],"version-history":[{"count":0,"href":"https:\/\/www.auto-gazda.pl\/skoda\/wp-json\/wp\/v2\/pages\/670\/revisions"}],"up":[{"embeddable":true,"href":"https:\/\/www.auto-gazda.pl\/skoda\/wp-json\/wp\/v2\/pages\/522"}],"wp:attachment":[{"href":"https:\/\/www.auto-gazda.pl\/skoda\/wp-json\/wp\/v2\/media?parent=670"}],"curies":[{"name":"wp","href":"https:\/\/api.w.org\/{rel}","templated":true}]}}