{"id":2198,"date":"2026-03-23T13:22:38","date_gmt":"2026-03-23T12:22:38","guid":{"rendered":"https:\/\/www.auto-gazda.pl\/skoda\/?page_id=2198"},"modified":"2026-03-23T13:52:12","modified_gmt":"2026-03-23T12:52:12","slug":"nowa-skoda-epiq","status":"publish","type":"page","link":"https:\/\/www.auto-gazda.pl\/skoda\/nowa-skoda-epiq\/","title":{"rendered":"Nowa \u0160koda Epiq"},"content":{"rendered":"<h2 style=\"text-align: center;\">Nadchodzi nowa era miejskiej jazdy.<br \/>\nWielka \u015bwiatowa premiera ju\u017c w tym roku.<\/h2>\n<p style=\"text-align: center;\">\u0160koda Epiq to kompaktowy, w pe\u0142ni elektryczny SUV stworzony z my\u015bl\u0105 o miejskim stylu \u017cycia. \u0141\u0105czy \u015bmia\u0142y, nowoczesny wygl\u0105d z przestronn\u0105 kabin\u0105 i zaawansowanymi rozwi\u0105zaniami technologicznymi, dzi\u0119ki czemu \u015bwietnie sprawdza si\u0119 zar\u00f3wno w codziennych dojazdach, jak i podczas dalszych wypad\u00f3w poza miasto.<\/p>\n","protected":false},"excerpt":{"rendered":"<p>Nadchodzi nowa era miejskiej jazdy. Wielka \u015bwiatowa premiera ju\u017c w tym roku. \u0160koda Epiq to kompaktowy, w pe\u0142ni elektryczny SUV stworzony z my\u015bl\u0105 o miejskim stylu \u017cycia. \u0141\u0105czy \u015bmia\u0142y, nowoczesny wygl\u0105d z przestronn\u0105 kabin\u0105 i zaawansowanymi rozwi\u0105zaniami technologicznymi, dzi\u0119ki czemu \u015bwietnie sprawdza si\u0119 zar\u00f3wno w codziennych dojazdach, jak i podczas dalszych wypad\u00f3w poza miasto.<\/p>\n","protected":false},"author":79,"featured_media":0,"parent":0,"menu_order":19,"comment_status":"closed","ping_status":"closed","template":"","meta":{"_acf_changed":false,"footnotes":""},"class_list":["post-2198","page","type-page","status-publish","hentry"],"acf":[],"_links":{"self":[{"href":"https:\/\/www.auto-gazda.pl\/skoda\/wp-json\/wp\/v2\/pages\/2198","targetHints":{"allow":["GET"]}}],"collection":[{"href":"https:\/\/www.auto-gazda.pl\/skoda\/wp-json\/wp\/v2\/pages"}],"about":[{"href":"https:\/\/www.auto-gazda.pl\/skoda\/wp-json\/wp\/v2\/types\/page"}],"author":[{"embeddable":true,"href":"https:\/\/www.auto-gazda.pl\/skoda\/wp-json\/wp\/v2\/users\/79"}],"replies":[{"embeddable":true,"href":"https:\/\/www.auto-gazda.pl\/skoda\/wp-json\/wp\/v2\/comments?post=2198"}],"version-history":[{"count":0,"href":"https:\/\/www.auto-gazda.pl\/skoda\/wp-json\/wp\/v2\/pages\/2198\/revisions"}],"wp:attachment":[{"href":"https:\/\/www.auto-gazda.pl\/skoda\/wp-json\/wp\/v2\/media?parent=2198"}],"curies":[{"name":"wp","href":"https:\/\/api.w.org\/{rel}","templated":true}]}}