{"id":3233,"date":"2026-03-18T10:08:11","date_gmt":"2026-03-18T09:08:11","guid":{"rendered":"https:\/\/www.auto-gazda.pl\/opel\/?post_type=samochody&#038;p=3233"},"modified":"2026-03-18T10:08:11","modified_gmt":"2026-03-18T09:08:11","slug":"opel-mokka-business-edition1-2-hybrid-145-km-at6-leasing-100-oc-ac-za-1-ochrona-8-lat-lub-160000-km","status":"publish","type":"samochody","link":"https:\/\/www.auto-gazda.pl\/opel\/samochody\/opel-mokka-business-edition1-2-hybrid-145-km-at6-leasing-100-oc-ac-za-1-ochrona-8-lat-lub-160000-km\/","title":{"rendered":"Opel Mokka Business Edition1.2 HYBRID 145 KM AT6 LEASING 100% OC\/AC za 1% Ochrona 8 lat lub 160000 km"},"content":{"rendered":"<p class=\"x_MsoNormal\">Oferta specjalna<\/p>\n<p class=\"x_MsoNormal\">Promocyjne finansowanie<\/p>\n<p class=\"x_MsoNormal\">Posiadamy w ofercie pe\u0142n\u0105 gam\u0119 modelow\u0105, bogaty wyr\u00f3b kolor\u00f3w, tapicerek oraz wszystkie wersje silnikowe i poziomy wyposa\u017cenia.<\/p>\n<p class=\"x_MsoNormal\">Samochody dost\u0119pne od r\u0119ki z kr\u00f3tkim terminem realizacji.<\/p>\n<p>&nbsp;<\/p>\n<p><strong>Auto Gazda, jedyny autoryzowany dealer marki <em>OPEL<\/em> w Gliwicach, oferuje do sprzeda\u017cy:<\/strong><\/p>\n<p>Opel Mokka Business Edition1.2 HYBRID 145 KM AT6<\/p>\n<p><em><strong>Lakier:<\/strong> Szary &#8211; Kontrast, metaliczny<br \/>\n<strong>Tapicerka:<\/strong> Materia\u0142owa Focus<\/em><\/p>\n<p><span class=\"ts1\"><b>Pakiet Zimowy: Podgrzewane fotele przednie i kierownica. (NA01)<\/b><\/span>\u00a0\u00a0\/\u00a0\u00a0<span class=\"ts1\"><b>Pakiet Komfort: Konsola centralna z pod\u0142okietnikiem. Przyciemniane szyby tylne. Ruchoma pod\u0142oga baga\u017cnika. Bezramkowe \u015bwiat\u0142oczu\u0142e lusterko wewn\u0119trzne (SP16)<\/b><\/span>\u00a0\u00a0\/\u00a0\u00a0<span class=\"ts1\"><b>Obr\u0119cze k\u00f3\u0142 ze stop\u00f3w lekkich 17-calowe. dwukolorowe srebrno-czarne. z oponami wielosezonowymi 215\/60 R17 (ZHT9<\/b><\/span><\/p>\n<p><span class=\"ts1\"><b>Pakiet Tech Parkuj i Jed\u017a: Panoramiczna kamera cofania. Czujniki parkowania z przodu i boczne. System bezkluczykowy Open&amp;Start. (WY73)\u00a0<\/b><\/span>\u00a0\/\u00a0\u00a0<span class=\"ts1\"><b>Pakiet Tech ACC: Tempomat adaptacyjny Stop&amp;Go. Podgrzewane ko\u0142o kierownicy. Uk\u0142ad utrzymania pojazdu w osi pasa ruchu<\/b><\/span><\/p>\n<p>VIN: <span data-olk-copy-source=\"MessageBody\">VXKUSHPY4TW017775<\/span><\/p>\n<p><strong>Szczeg\u00f3\u0142y oferty, dost\u0119pne u naszych doradc\u00f3w<\/strong><\/p>\n<p>Marek Cebula tel: <strong>534 993 303<\/strong><\/p>\n<p>Bartosz Janus tel:<strong> 600 934 500<\/strong><\/p>\n<p>&nbsp;<\/p>\n<p><strong><u>Szanowny Kliencie przed przyjazdem upewnij si\u0119 telefonicznie, \u017ce auto czeka na Twoj\u0105 wizyt\u0119. <\/u><\/strong><\/p>\n<p>Kontakt w godzinach pracy salonu:<\/p>\n<p>Od Poniedzia\u0142ku do Pi\u0105tku<\/p>\n<p>W godzinach <strong>9:00 &#8211; 18:00<\/strong><\/p>\n<p>Sobota <strong>9:00-14:00<\/strong><\/p>\n<p>&nbsp;<\/p>\n<p>Niniejsze og\u0142oszenie jest wy\u0142\u0105cznie informacj\u0105 handlow\u0105 i nie stanowi oferty w my\u015bl <strong>art. 66, \u00a71<\/strong>. Kodeksu Cywilnego.<\/p>\n<p>Dla klient\u00f3w z odleg\u0142ych cz\u0119\u015bci kraju mo\u017cliwo\u015b\u0107 za\u0142atwienia wszystkich formalno\u015bci drog\u0105 korespondencyjn\u0105.<\/p>\n<p>Przyjmujemy samochody w rozliczeniu (bezp\u0142atna wycena).<\/p>\n<p>Sprzedaj\u0105cy nie odpowiada za ewentualne b\u0142\u0119dy lub nieaktualno\u015b\u0107 og\u0142oszenia. Serdecznie zapraszamy do salonu w Gliwicach przy ul. <strong>Toszecka 137A<\/strong><\/p>\n","protected":false},"excerpt":{"rendered":"<p>Oferta specjalna Promocyjne finansowanie Posiadamy w ofercie pe\u0142n\u0105 gam\u0119 modelow\u0105, bogaty wyr\u00f3b kolor\u00f3w, tapicerek oraz wszystkie wersje silnikowe i poziomy wyposa\u017cenia. Samochody dost\u0119pne od r\u0119ki z kr\u00f3tkim terminem realizacji. &nbsp; Auto Gazda, jedyny autoryzowany dealer marki OPEL w Gliwicach, oferuje do sprzeda\u017cy: Opel Mokka Business Edition1.2 HYBRID 145 KM AT6 Lakier: Szary &#8211; Kontrast, metaliczny [&hellip;]<\/p>\n","protected":false},"author":73,"featured_media":2360,"template":"","marki":[15],"modele":[31],"stany":[13],"rodzaje-paliwa":[38],"skrzynie-biegow":[16],"napedy":[17],"lokalizacje":[18],"class_list":["post-3233","samochody","type-samochody","status-publish","has-post-thumbnail","hentry","marki-opel","modele-mokka","stany-nowy","rodzaje_paliwa-hybryda","skrzynie_biegow-automatyczna","napedy-na-przednie-kola","lokalizacje-gliwice"],"acf":[],"_links":{"self":[{"href":"https:\/\/www.auto-gazda.pl\/opel\/wp-json\/wp\/v2\/samochody\/3233","targetHints":{"allow":["GET"]}}],"collection":[{"href":"https:\/\/www.auto-gazda.pl\/opel\/wp-json\/wp\/v2\/samochody"}],"about":[{"href":"https:\/\/www.auto-gazda.pl\/opel\/wp-json\/wp\/v2\/types\/samochody"}],"author":[{"embeddable":true,"href":"https:\/\/www.auto-gazda.pl\/opel\/wp-json\/wp\/v2\/users\/73"}],"wp:featuredmedia":[{"embeddable":true,"href":"https:\/\/www.auto-gazda.pl\/opel\/wp-json\/wp\/v2\/media\/2360"}],"wp:attachment":[{"href":"https:\/\/www.auto-gazda.pl\/opel\/wp-json\/wp\/v2\/media?parent=3233"}],"wp:term":[{"taxonomy":"marki","embeddable":true,"href":"https:\/\/www.auto-gazda.pl\/opel\/wp-json\/wp\/v2\/marki?post=3233"},{"taxonomy":"modele","embeddable":true,"href":"https:\/\/www.auto-gazda.pl\/opel\/wp-json\/wp\/v2\/modele?post=3233"},{"taxonomy":"stany","embeddable":true,"href":"https:\/\/www.auto-gazda.pl\/opel\/wp-json\/wp\/v2\/stany?post=3233"},{"taxonomy":"rodzaje_paliwa","embeddable":true,"href":"https:\/\/www.auto-gazda.pl\/opel\/wp-json\/wp\/v2\/rodzaje-paliwa?post=3233"},{"taxonomy":"skrzynie_biegow","embeddable":true,"href":"https:\/\/www.auto-gazda.pl\/opel\/wp-json\/wp\/v2\/skrzynie-biegow?post=3233"},{"taxonomy":"napedy","embeddable":true,"href":"https:\/\/www.auto-gazda.pl\/opel\/wp-json\/wp\/v2\/napedy?post=3233"},{"taxonomy":"lokalizacje","embeddable":true,"href":"https:\/\/www.auto-gazda.pl\/opel\/wp-json\/wp\/v2\/lokalizacje?post=3233"}],"curies":[{"name":"wp","href":"https:\/\/api.w.org\/{rel}","templated":true}]}}

<p class="x_MsoNormal">Oferta specjalna</p>
<p class="x_MsoNormal">Promocyjne finansowanie</p>
<p class="x_MsoNormal">Posiadamy w ofercie pełną gamę modelową, bogaty wyrób kolorów, tapicerek oraz wszystkie wersje silnikowe i poziomy wyposażenia.</p>
<p class="x_MsoNormal">Samochody dostępne od ręki z krótkim terminem realizacji.</p>
<p>&nbsp;</p>
<p><strong>Auto Gazda, jedyny autoryzowany dealer marki <em>OPEL</em> w Gliwicach, oferuje do sprzedaży:</strong></p>
<p>Opel Mokka Business Edition1.2 HYBRID 145 KM AT6</p>
<p><em><strong>Lakier:</strong> Szary &#8211; Kontrast, metaliczny<br />
<strong>Tapicerka:</strong> Materiałowa Focus</em></p>
<p><span class="ts1"><b>Pakiet Zimowy: Podgrzewane fotele przednie i kierownica. (NA01)</b></span>  /  <span class="ts1"><b>Pakiet Komfort: Konsola centralna z podłokietnikiem. Przyciemniane szyby tylne. Ruchoma podłoga bagażnika. Bezramkowe światłoczułe lusterko wewnętrzne (SP16)</b></span>  /  <span class="ts1"><b>Obręcze kół ze stopów lekkich 17-calowe. dwukolorowe srebrno-czarne. z oponami wielosezonowymi 215/60 R17 (ZHT9</b></span></p>
<p><span class="ts1"><b>Pakiet Tech Parkuj i Jedź: Panoramiczna kamera cofania. Czujniki parkowania z przodu i boczne. System bezkluczykowy Open&amp;Start. (WY73) </b></span> /  <span class="ts1"><b>Pakiet Tech ACC: Tempomat adaptacyjny Stop&amp;Go. Podgrzewane koło kierownicy. Układ utrzymania pojazdu w osi pasa ruchu</b></span></p>
<p>VIN: <span data-olk-copy-source="MessageBody">VXKUSHPY4TW017775</span></p>
<p><strong>Szczegóły oferty, dostępne u naszych doradców</strong></p>
<p>Marek Cebula tel: <strong>534 993 303</strong></p>
<p>Bartosz Janus tel:<strong> 600 934 500</strong></p>
<p>&nbsp;</p>
<p><strong><u>Szanowny Kliencie przed przyjazdem upewnij się telefonicznie, że auto czeka na Twoją wizytę. </u></strong></p>
<p>Kontakt w godzinach pracy salonu:</p>
<p>Od Poniedziałku do Piątku</p>
<p>W godzinach <strong>9:00 &#8211; 18:00</strong></p>
<p>Sobota <strong>9:00-14:00</strong></p>
<p>&nbsp;</p>
<p>Niniejsze ogłoszenie jest wyłącznie informacją handlową i nie stanowi oferty w myśl <strong>art. 66, §1</strong>. Kodeksu Cywilnego.</p>
<p>Dla klientów z odległych części kraju możliwość załatwienia wszystkich formalności drogą korespondencyjną.</p>
<p>Przyjmujemy samochody w rozliczeniu (bezpłatna wycena).</p>
<p>Sprzedający nie odpowiada za ewentualne błędy lub nieaktualność ogłoszenia. Serdecznie zapraszamy do salonu w Gliwicach przy ul. <strong>Toszecka 137A</strong></p>

<p>Oferta specjalna Promocyjne finansowanie Posiadamy w ofercie pełną gamę modelową, bogaty wyrób kolorów, tapicerek oraz wszystkie wersje silnikowe i poziomy wyposażenia. Samochody dostępne od ręki z krótkim terminem realizacji. &nbsp; Auto Gazda, jedyny autoryzowany dealer marki OPEL w Gliwicach, oferuje do sprzedaży: Opel Mokka Business Edition1.2 HYBRID 145 KM AT6 Lakier: Szary &#8211; Kontrast, metaliczny [&hellip;]</p>
