{"id":3005,"date":"2025-11-27T15:48:22","date_gmt":"2025-11-27T14:48:22","guid":{"rendered":"https:\/\/www.auto-gazda.pl\/opel\/?post_type=samochody&#038;p=3005"},"modified":"2026-03-27T12:58:36","modified_gmt":"2026-03-27T11:58:36","slug":"opel-zafira-vip-2-0-diesel-177km-at8-extra-long-l2-leasing-103-oc-ac-za-1","status":"publish","type":"samochody","link":"https:\/\/www.auto-gazda.pl\/opel\/samochody\/opel-zafira-vip-2-0-diesel-177km-at8-extra-long-l2-leasing-103-oc-ac-za-1\/","title":{"rendered":"Opel Zafira VIP 2.0 Diesel 177KM AT8, Extra Long L2 LEASING 101%"},"content":{"rendered":"<p><strong>Auto Gazda, jedyny autoryzowany dealer marki <em>OPEL<\/em> w Gliwicach, oferuje do sprzeda\u017cy:<\/strong><\/p>\n<p><strong>Nowy Opel Zafira VIP 2.0 Diesel 177KM AT8, Extra Long L2 konwersja do transportu os\u00f3b z niepe\u0142nosprawno\u015bci\u0105 ruchow\u0105<\/strong><\/p>\n<p><strong><em>\u00a0<\/em><\/strong><\/p>\n<p><strong><em>Lakier: <b>Czarny &#8211; Karbon. metaliczny<\/b><\/em><\/strong><em><br \/>\n<strong>Tapicerka:<\/strong> <b>Tapicerka Claudia<\/b><\/em><\/p>\n<p>VXEVKEHZ7SZ103236<\/p>\n<p><span class=\"ts1\"><b>Hak holowniczy demontowalny bez u\u017cycia narz\u0119dzi. wtyk 13-pin (AQ05)<\/b><\/span>\u00a0\u00a0\/\u00a0\u00a0<span class=\"ts1\"><b>Dodatkowy uk\u0142ad ogrzewania postojowego z programatorem<\/b><\/span><\/p>\n<p>&nbsp;<\/p>\n<p><strong><em>Oferujemy pe\u0142n\u0105 obs\u0142ug\u0119 w zakresie finansowania i ubezpieczenia:<\/em><\/strong><\/p>\n<p>&#8211; promocyjne kredyty oraz leasingi z niskim oprocentowaniem<br \/>\n&#8211; procedury uproszczone<br \/>\n&#8211; decyzja w jeden dzie\u0144<br \/>\n&#8211; atrakcyjne pakiety AC\/OC\/NW\/ASS uznanych na rynku firm ubezpieczeniowych<\/p>\n<p><strong>Szczeg\u00f3\u0142y oferty, dost\u0119pne u naszych doradc\u00f3w<\/strong><\/p>\n<p>Marek Cebula tel: <strong>\u00a0<\/strong><strong>534 993 303<\/strong><\/p>\n<p>Bartosz Janus tel:<strong> 600 934 500\u00a0<\/strong><\/p>\n<p>&nbsp;<\/p>\n<p><strong><u>Szanowny Kliencie przed przyjazdem upewnij si\u0119 telefonicznie, \u017ce auto czeka na Twoj\u0105 wizyt\u0119. <\/u><\/strong><\/p>\n<p>Kontakt w godzinach pracy salonu:<\/p>\n<p>Od Poniedzia\u0142ku do Pi\u0105tku<\/p>\n<p>W godzinach <strong>9:00 &#8211; 18:00<\/strong><\/p>\n<p>Sobota <strong>9:00-14:00<\/strong><\/p>\n<p>&nbsp;<\/p>\n<p>Niniejsze og\u0142oszenie jest wy\u0142\u0105cznie informacj\u0105 handlow\u0105 i nie stanowi oferty w my\u015bl <strong>art. 66, \u00a71<\/strong>. Kodeksu Cywilnego.<\/p>\n<p>Dla klient\u00f3w z odleg\u0142ych cz\u0119\u015bci kraju mo\u017cliwo\u015b\u0107 za\u0142atwienia wszystkich formalno\u015bci drog\u0105 korespondencyjn\u0105.<\/p>\n<p>Przyjmujemy samochody w rozliczeniu (bezp\u0142atna wycena).<\/p>\n<p>Sprzedaj\u0105cy nie odpowiada za ewentualne b\u0142\u0119dy lub nieaktualno\u015b\u0107 og\u0142oszenia. Serdecznie zapraszamy do salonu w Gliwicach przy ul. <strong>Toszecka 137A<\/strong><\/p>\n","protected":false},"excerpt":{"rendered":"<p>Auto Gazda, jedyny autoryzowany dealer marki OPEL w Gliwicach, oferuje do sprzeda\u017cy: Nowy Opel Zafira VIP 2.0 Diesel 177KM AT8, Extra Long L2 konwersja do transportu os\u00f3b z niepe\u0142nosprawno\u015bci\u0105 ruchow\u0105 \u00a0 Lakier: Czarny &#8211; Karbon. metaliczny Tapicerka: Tapicerka Claudia VXEVKEHZ7SZ103236 Hak holowniczy demontowalny bez u\u017cycia narz\u0119dzi. wtyk 13-pin (AQ05)\u00a0\u00a0\/\u00a0\u00a0Dodatkowy uk\u0142ad ogrzewania postojowego z programatorem &nbsp; [&hellip;]<\/p>\n","protected":false},"author":73,"featured_media":3072,"template":"","marki":[15],"modele":[43],"stany":[13],"rodzaje-paliwa":[25],"skrzynie-biegow":[16],"napedy":[17],"lokalizacje":[18],"class_list":["post-3005","samochody","type-samochody","status-publish","has-post-thumbnail","hentry","marki-opel","modele-zafira","stany-nowy","rodzaje_paliwa-diesel","skrzynie_biegow-automatyczna","napedy-na-przednie-kola","lokalizacje-gliwice"],"acf":[],"_links":{"self":[{"href":"https:\/\/www.auto-gazda.pl\/opel\/wp-json\/wp\/v2\/samochody\/3005","targetHints":{"allow":["GET"]}}],"collection":[{"href":"https:\/\/www.auto-gazda.pl\/opel\/wp-json\/wp\/v2\/samochody"}],"about":[{"href":"https:\/\/www.auto-gazda.pl\/opel\/wp-json\/wp\/v2\/types\/samochody"}],"author":[{"embeddable":true,"href":"https:\/\/www.auto-gazda.pl\/opel\/wp-json\/wp\/v2\/users\/73"}],"wp:featuredmedia":[{"embeddable":true,"href":"https:\/\/www.auto-gazda.pl\/opel\/wp-json\/wp\/v2\/media\/3072"}],"wp:attachment":[{"href":"https:\/\/www.auto-gazda.pl\/opel\/wp-json\/wp\/v2\/media?parent=3005"}],"wp:term":[{"taxonomy":"marki","embeddable":true,"href":"https:\/\/www.auto-gazda.pl\/opel\/wp-json\/wp\/v2\/marki?post=3005"},{"taxonomy":"modele","embeddable":true,"href":"https:\/\/www.auto-gazda.pl\/opel\/wp-json\/wp\/v2\/modele?post=3005"},{"taxonomy":"stany","embeddable":true,"href":"https:\/\/www.auto-gazda.pl\/opel\/wp-json\/wp\/v2\/stany?post=3005"},{"taxonomy":"rodzaje_paliwa","embeddable":true,"href":"https:\/\/www.auto-gazda.pl\/opel\/wp-json\/wp\/v2\/rodzaje-paliwa?post=3005"},{"taxonomy":"skrzynie_biegow","embeddable":true,"href":"https:\/\/www.auto-gazda.pl\/opel\/wp-json\/wp\/v2\/skrzynie-biegow?post=3005"},{"taxonomy":"napedy","embeddable":true,"href":"https:\/\/www.auto-gazda.pl\/opel\/wp-json\/wp\/v2\/napedy?post=3005"},{"taxonomy":"lokalizacje","embeddable":true,"href":"https:\/\/www.auto-gazda.pl\/opel\/wp-json\/wp\/v2\/lokalizacje?post=3005"}],"curies":[{"name":"wp","href":"https:\/\/api.w.org\/{rel}","templated":true}]}}

<p><strong>Auto Gazda, jedyny autoryzowany dealer marki <em>OPEL</em> w Gliwicach, oferuje do sprzedaży:</strong></p>
<p><strong>Nowy Opel Zafira VIP 2.0 Diesel 177KM AT8, Extra Long L2 konwersja do transportu osób z niepełnosprawnością ruchową</strong></p>
<p><strong><em> </em></strong></p>
<p><strong><em>Lakier: <b>Czarny &#8211; Karbon. metaliczny</b></em></strong><em><br />
<strong>Tapicerka:</strong> <b>Tapicerka Claudia</b></em></p>
<p>VXEVKEHZ7SZ103236</p>
<p><span class="ts1"><b>Hak holowniczy demontowalny bez użycia narzędzi. wtyk 13-pin (AQ05)</b></span>  /  <span class="ts1"><b>Dodatkowy układ ogrzewania postojowego z programatorem</b></span></p>
<p>&nbsp;</p>
<p><strong><em>Oferujemy pełną obsługę w zakresie finansowania i ubezpieczenia:</em></strong></p>
<p>&#8211; promocyjne kredyty oraz leasingi z niskim oprocentowaniem<br />
&#8211; procedury uproszczone<br />
&#8211; decyzja w jeden dzień<br />
&#8211; atrakcyjne pakiety AC/OC/NW/ASS uznanych na rynku firm ubezpieczeniowych</p>
<p><strong>Szczegóły oferty, dostępne u naszych doradców</strong></p>
<p>Marek Cebula tel: <strong> </strong><strong>534 993 303</strong></p>
<p>Bartosz Janus tel:<strong> 600 934 500 </strong></p>
<p>&nbsp;</p>
<p><strong><u>Szanowny Kliencie przed przyjazdem upewnij się telefonicznie, że auto czeka na Twoją wizytę. </u></strong></p>
<p>Kontakt w godzinach pracy salonu:</p>
<p>Od Poniedziałku do Piątku</p>
<p>W godzinach <strong>9:00 &#8211; 18:00</strong></p>
<p>Sobota <strong>9:00-14:00</strong></p>
<p>&nbsp;</p>
<p>Niniejsze ogłoszenie jest wyłącznie informacją handlową i nie stanowi oferty w myśl <strong>art. 66, §1</strong>. Kodeksu Cywilnego.</p>
<p>Dla klientów z odległych części kraju możliwość załatwienia wszystkich formalności drogą korespondencyjną.</p>
<p>Przyjmujemy samochody w rozliczeniu (bezpłatna wycena).</p>
<p>Sprzedający nie odpowiada za ewentualne błędy lub nieaktualność ogłoszenia. Serdecznie zapraszamy do salonu w Gliwicach przy ul. <strong>Toszecka 137A</strong></p>

<p>Auto Gazda, jedyny autoryzowany dealer marki OPEL w Gliwicach, oferuje do sprzedaży: Nowy Opel Zafira VIP 2.0 Diesel 177KM AT8, Extra Long L2 konwersja do transportu osób z niepełnosprawnością ruchową   Lakier: Czarny &#8211; Karbon. metaliczny Tapicerka: Tapicerka Claudia VXEVKEHZ7SZ103236 Hak holowniczy demontowalny bez użycia narzędzi. wtyk 13-pin (AQ05)  /  Dodatkowy układ ogrzewania postojowego z programatorem &nbsp; [&hellip;]</p>
