{"id":2814,"date":"2025-09-04T12:28:41","date_gmt":"2025-09-04T10:28:41","guid":{"rendered":"https:\/\/www.auto-gazda.pl\/opel\/?post_type=samochody&#038;p=2814"},"modified":"2026-02-25T12:03:18","modified_gmt":"2026-02-25T11:03:18","slug":"opel-combo-cargo-l2-gwarancja-4lata-200-000km-leasing-103-oc-ac-za-1","status":"publish","type":"samochody","link":"https:\/\/www.auto-gazda.pl\/opel\/samochody\/opel-combo-cargo-l2-gwarancja-4lata-200-000km-leasing-103-oc-ac-za-1\/","title":{"rendered":"OPEL COMBO CARGO 1.2 110 KM L1  GWARANCJA 4LATA\/200 000KM LEASING 103%"},"content":{"rendered":"<p><strong>Auto Gazda, jedyny autoryzowany dealer marki <em>OPEL<\/em> w Gliwicach, oferuje do sprzeda\u017cy:<\/strong><\/p>\n<p><em><strong>Opel Combo Cargo\u00a0 1.2 benzyna 110 KM S\/S M6<\/strong><\/em><\/p>\n<p>&nbsp;<\/p>\n<p>VIN: W0VEHHPJ9TN521940<\/p>\n<p><em><strong>Lakier:<\/strong> Bia\u0142y Kaolin &#8211; Bazowy<br \/>\n<strong>Tapicerka:<\/strong> Tapicerka Materia\u0142owa &#8211; Curitiba<\/em><\/p>\n<p><span class=\"ts1\"><b>Wyk\u0142adzina z tworzywa na pod\u0142odze w przestrzeni \u0142adunkowej (GB23)<\/b><\/span>\u00a0\u00a0\/\u00a0\u00a0<span class=\"ts1\"><b>Zapasowe ko\u0142o z podno\u015bnikiem (LV00)<\/b><\/span>\u00a0\u00a0\/\u00a0\u00a0<span class=\"ts1\"><b>\u0141awka dwumiejscowa pasa\u017cera MULTIFLEX ze stolikiem do pisania (ME08)<\/b><\/span>\u00a0\u00a0\/\u00a0\u00a0<span class=\"ts1\"><b>Analogowa kamera cofania i czujniki parkowania ty\u0142<\/b><\/span><\/p>\n<p>&nbsp;<\/p>\n<p><strong><em>Oferujemy pe\u0142n\u0105 obs\u0142ug\u0119 w zakresie finansowania i ubezpieczenia:<\/em><\/strong><\/p>\n<p>&#8211; promocyjne kredyty oraz leasingi z niskim oprocentowaniem<br \/>\n&#8211; procedury uproszczone<br \/>\n&#8211; decyzja w jeden dzie\u0144<br \/>\n&#8211; atrakcyjne pakiety AC\/OC\/NW\/ASS uznanych na rynku firm ubezpieczeniowych<\/p>\n<p><strong>Szczeg\u00f3\u0142y oferty, dost\u0119pne u naszych doradc\u00f3w<\/strong><\/p>\n<p>Marek Cebula tel :<strong>\u00a0534 993 303<\/strong><\/p>\n<p>Bartosz Janus tel: <strong>600 934 500<\/strong><\/p>\n<p>&nbsp;<\/p>\n<p><strong><u>Szanowny Kliencie przed przyjazdem upewnij si\u0119 telefonicznie, \u017ce auto czeka na Twoj\u0105 wizyt\u0119. <\/u><\/strong><\/p>\n<p>Kontakt w godzinach pracy salonu:<\/p>\n<p>Od Poniedzia\u0142ku do Pi\u0105tku<\/p>\n<p>W godzinach <strong>9:00 &#8211; 18:00<\/strong><\/p>\n<p>Sobota <strong>9:00-14:00<\/strong><\/p>\n<p>&nbsp;<\/p>\n<p>Niniejsze og\u0142oszenie jest wy\u0142\u0105cznie informacj\u0105 handlow\u0105 i nie stanowi oferty w my\u015bl art. 66, \u00a71. Kodeksu Cywilnego.<\/p>\n<p>Sprzedaj\u0105cy nie odpowiada za ewentualne b\u0142\u0119dy lub nieaktualno\u015b\u0107 og\u0142oszenia. Serdecznie zapraszamy do salonu w Gliwicach przy ul. <strong>Toszecka 137A<\/strong><\/p>\n","protected":false},"excerpt":{"rendered":"<p>Auto Gazda, jedyny autoryzowany dealer marki OPEL w Gliwicach, oferuje do sprzeda\u017cy: Opel Combo Cargo\u00a0 1.2 benzyna 110 KM S\/S M6 &nbsp; VIN: W0VEHHPJ9TN521940 Lakier: Bia\u0142y Kaolin &#8211; Bazowy Tapicerka: Tapicerka Materia\u0142owa &#8211; Curitiba Wyk\u0142adzina z tworzywa na pod\u0142odze w przestrzeni \u0142adunkowej (GB23)\u00a0\u00a0\/\u00a0\u00a0Zapasowe ko\u0142o z podno\u015bnikiem (LV00)\u00a0\u00a0\/\u00a0\u00a0\u0141awka dwumiejscowa pasa\u017cera MULTIFLEX ze stolikiem do pisania (ME08)\u00a0\u00a0\/\u00a0\u00a0Analogowa [&hellip;]<\/p>\n","protected":false},"author":73,"featured_media":1789,"template":"","marki":[15],"modele":[36],"stany":[13],"rodzaje-paliwa":[12],"skrzynie-biegow":[21],"napedy":[17],"lokalizacje":[18],"class_list":["post-2814","samochody","type-samochody","status-publish","has-post-thumbnail","hentry","marki-opel","modele-combo-cargo","stany-nowy","rodzaje_paliwa-benzyna","skrzynie_biegow-manualna","napedy-na-przednie-kola","lokalizacje-gliwice"],"acf":[],"_links":{"self":[{"href":"https:\/\/www.auto-gazda.pl\/opel\/wp-json\/wp\/v2\/samochody\/2814","targetHints":{"allow":["GET"]}}],"collection":[{"href":"https:\/\/www.auto-gazda.pl\/opel\/wp-json\/wp\/v2\/samochody"}],"about":[{"href":"https:\/\/www.auto-gazda.pl\/opel\/wp-json\/wp\/v2\/types\/samochody"}],"author":[{"embeddable":true,"href":"https:\/\/www.auto-gazda.pl\/opel\/wp-json\/wp\/v2\/users\/73"}],"wp:featuredmedia":[{"embeddable":true,"href":"https:\/\/www.auto-gazda.pl\/opel\/wp-json\/wp\/v2\/media\/1789"}],"wp:attachment":[{"href":"https:\/\/www.auto-gazda.pl\/opel\/wp-json\/wp\/v2\/media?parent=2814"}],"wp:term":[{"taxonomy":"marki","embeddable":true,"href":"https:\/\/www.auto-gazda.pl\/opel\/wp-json\/wp\/v2\/marki?post=2814"},{"taxonomy":"modele","embeddable":true,"href":"https:\/\/www.auto-gazda.pl\/opel\/wp-json\/wp\/v2\/modele?post=2814"},{"taxonomy":"stany","embeddable":true,"href":"https:\/\/www.auto-gazda.pl\/opel\/wp-json\/wp\/v2\/stany?post=2814"},{"taxonomy":"rodzaje_paliwa","embeddable":true,"href":"https:\/\/www.auto-gazda.pl\/opel\/wp-json\/wp\/v2\/rodzaje-paliwa?post=2814"},{"taxonomy":"skrzynie_biegow","embeddable":true,"href":"https:\/\/www.auto-gazda.pl\/opel\/wp-json\/wp\/v2\/skrzynie-biegow?post=2814"},{"taxonomy":"napedy","embeddable":true,"href":"https:\/\/www.auto-gazda.pl\/opel\/wp-json\/wp\/v2\/napedy?post=2814"},{"taxonomy":"lokalizacje","embeddable":true,"href":"https:\/\/www.auto-gazda.pl\/opel\/wp-json\/wp\/v2\/lokalizacje?post=2814"}],"curies":[{"name":"wp","href":"https:\/\/api.w.org\/{rel}","templated":true}]}}

<p><strong>Auto Gazda, jedyny autoryzowany dealer marki <em>OPEL</em> w Gliwicach, oferuje do sprzedaży:</strong></p>
<p><em><strong>Opel Combo Cargo  1.2 benzyna 110 KM S/S M6</strong></em></p>
<p>&nbsp;</p>
<p>VIN: W0VEHHPJ9TN521940</p>
<p><em><strong>Lakier:</strong> Biały Kaolin &#8211; Bazowy<br />
<strong>Tapicerka:</strong> Tapicerka Materiałowa &#8211; Curitiba</em></p>
<p><span class="ts1"><b>Wykładzina z tworzywa na podłodze w przestrzeni ładunkowej (GB23)</b></span>  /  <span class="ts1"><b>Zapasowe koło z podnośnikiem (LV00)</b></span>  /  <span class="ts1"><b>Ławka dwumiejscowa pasażera MULTIFLEX ze stolikiem do pisania (ME08)</b></span>  /  <span class="ts1"><b>Analogowa kamera cofania i czujniki parkowania tył</b></span></p>
<p>&nbsp;</p>
<p><strong><em>Oferujemy pełną obsługę w zakresie finansowania i ubezpieczenia:</em></strong></p>
<p>&#8211; promocyjne kredyty oraz leasingi z niskim oprocentowaniem<br />
&#8211; procedury uproszczone<br />
&#8211; decyzja w jeden dzień<br />
&#8211; atrakcyjne pakiety AC/OC/NW/ASS uznanych na rynku firm ubezpieczeniowych</p>
<p><strong>Szczegóły oferty, dostępne u naszych doradców</strong></p>
<p>Marek Cebula tel :<strong> 534 993 303</strong></p>
<p>Bartosz Janus tel: <strong>600 934 500</strong></p>
<p>&nbsp;</p>
<p><strong><u>Szanowny Kliencie przed przyjazdem upewnij się telefonicznie, że auto czeka na Twoją wizytę. </u></strong></p>
<p>Kontakt w godzinach pracy salonu:</p>
<p>Od Poniedziałku do Piątku</p>
<p>W godzinach <strong>9:00 &#8211; 18:00</strong></p>
<p>Sobota <strong>9:00-14:00</strong></p>
<p>&nbsp;</p>
<p>Niniejsze ogłoszenie jest wyłącznie informacją handlową i nie stanowi oferty w myśl art. 66, §1. Kodeksu Cywilnego.</p>
<p>Sprzedający nie odpowiada za ewentualne błędy lub nieaktualność ogłoszenia. Serdecznie zapraszamy do salonu w Gliwicach przy ul. <strong>Toszecka 137A</strong></p>

<p>Auto Gazda, jedyny autoryzowany dealer marki OPEL w Gliwicach, oferuje do sprzedaży: Opel Combo Cargo  1.2 benzyna 110 KM S/S M6 &nbsp; VIN: W0VEHHPJ9TN521940 Lakier: Biały Kaolin &#8211; Bazowy Tapicerka: Tapicerka Materiałowa &#8211; Curitiba Wykładzina z tworzywa na podłodze w przestrzeni ładunkowej (GB23)  /  Zapasowe koło z podnośnikiem (LV00)  /  Ławka dwumiejscowa pasażera MULTIFLEX ze stolikiem do pisania (ME08)  /  Analogowa [&hellip;]</p>
