{"id":2595,"date":"2025-07-05T11:07:35","date_gmt":"2025-07-05T09:07:35","guid":{"rendered":"https:\/\/www.auto-gazda.pl\/opel\/?post_type=samochody&#038;p=2595"},"modified":"2026-03-06T09:30:06","modified_gmt":"2026-03-06T08:30:06","slug":"opel-frontera-gs-1-2-turbo-hybrid-145-km-demo-leasing-100-oc-ac-za-1","status":"publish","type":"samochody","link":"https:\/\/www.auto-gazda.pl\/opel\/samochody\/opel-frontera-gs-1-2-turbo-hybrid-145-km-demo-leasing-100-oc-ac-za-1\/","title":{"rendered":"Opel Frontera GS 1.2 Turbo Hybrid 145 KM DEMONSTRACYJNY LEASING 100% OC AC za 1%"},"content":{"rendered":"<p><strong>Auto Gazda, jedyny autoryzowany dealer marki <em>OPEL<\/em> w Gliwicach, oferuje do sprzeda\u017cy:<\/strong><\/p>\n<p><strong>Opel Frontera GS 1.2 Turbo Hybrid 145 KM Skrzynia automatyczna, 6 biegowa<\/strong><\/p>\n<p>&nbsp;<\/p>\n<p>DEMO,<\/p>\n<p><strong><em>\u00a0<\/em><\/strong><\/p>\n<p><strong><em>Lakier: Zielony &#8211; Khaki, metaliczny<\/em><\/strong><em><br \/>\n<strong>Tapicerka:<\/strong> Intelli-Seats czarno-szare<\/em><\/p>\n<p><span class=\"ts1\"><b>Pakiet Tech z funkcjami podgrzewania i relingami dachowymi (PQ02)<\/b><\/span>\u00a0\u00a0\/\u00a0\u00a0<span class=\"ts1\"><b>Przygotowanie do monta\u017cu ko\u0142a zapasowego (RS19)<\/b><\/span><\/p>\n<p><span data-olk-copy-source=\"MessageBody\">VXKCSHPY4RT203094<\/span><\/p>\n<p><strong>Szczeg\u00f3\u0142y oferty, dost\u0119pne u naszych doradc\u00f3w:<\/strong><\/p>\n<p>Marek Cebula tel : <strong>534 993 303<\/strong><\/p>\n<p>Bartosz Janus tel:<strong> 600 934 500<\/strong><\/p>\n<p>&nbsp;<\/p>\n<p>&nbsp;<\/p>\n<p><strong><u>Szanowny Kliencie przed przyjazdem upewnij si\u0119 telefonicznie, \u017ce auto czeka na Twoj\u0105 wizyt\u0119. <\/u><\/strong><\/p>\n<p>Kontakt w godzinach pracy salonu:<\/p>\n<p>Od Poniedzia\u0142ku do Pi\u0105tku<\/p>\n<p>W godzinach <strong>9:00 &#8211; 18:00<\/strong><\/p>\n<p>Sobota <strong>9:00-14:00<\/strong><\/p>\n<p>&nbsp;<\/p>\n<p>Niniejsze og\u0142oszenie jest wy\u0142\u0105cznie informacj\u0105 handlow\u0105 i nie stanowi oferty w my\u015bl <strong>art. 66, \u00a71<\/strong>. Kodeksu Cywilnego.<\/p>\n<p>Dla klient\u00f3w z odleg\u0142ych cz\u0119\u015bci kraju mo\u017cliwo\u015b\u0107 za\u0142atwienia wszystkich formalno\u015bci drog\u0105 korespondencyjn\u0105.<\/p>\n<p>Przyjmujemy samochody w rozliczeniu (bezp\u0142atna wycena).<\/p>\n<p>Sprzedaj\u0105cy nie odpowiada za ewentualne b\u0142\u0119dy lub nieaktualno\u015b\u0107 og\u0142oszenia. Serdecznie zapraszamy do salonu w Gliwicach przy ul. <strong>Toszecka 137A<\/strong><\/p>\n","protected":false},"excerpt":{"rendered":"<p>Auto Gazda, jedyny autoryzowany dealer marki OPEL w Gliwicach, oferuje do sprzeda\u017cy: Opel Frontera GS 1.2 Turbo Hybrid 145 KM Skrzynia automatyczna, 6 biegowa &nbsp; DEMO, \u00a0 Lakier: Zielony &#8211; Khaki, metaliczny Tapicerka: Intelli-Seats czarno-szare Pakiet Tech z funkcjami podgrzewania i relingami dachowymi (PQ02)\u00a0\u00a0\/\u00a0\u00a0Przygotowanie do monta\u017cu ko\u0142a zapasowego (RS19) VXKCSHPY4RT203094 Szczeg\u00f3\u0142y oferty, dost\u0119pne u naszych [&hellip;]<\/p>\n","protected":false},"author":73,"featured_media":2596,"template":"","marki":[15],"modele":[42],"stany":[13],"rodzaje-paliwa":[38],"skrzynie-biegow":[16],"napedy":[17],"lokalizacje":[18],"class_list":["post-2595","samochody","type-samochody","status-publish","has-post-thumbnail","hentry","marki-opel","modele-frontera","stany-nowy","rodzaje_paliwa-hybryda","skrzynie_biegow-automatyczna","napedy-na-przednie-kola","lokalizacje-gliwice"],"acf":[],"_links":{"self":[{"href":"https:\/\/www.auto-gazda.pl\/opel\/wp-json\/wp\/v2\/samochody\/2595","targetHints":{"allow":["GET"]}}],"collection":[{"href":"https:\/\/www.auto-gazda.pl\/opel\/wp-json\/wp\/v2\/samochody"}],"about":[{"href":"https:\/\/www.auto-gazda.pl\/opel\/wp-json\/wp\/v2\/types\/samochody"}],"author":[{"embeddable":true,"href":"https:\/\/www.auto-gazda.pl\/opel\/wp-json\/wp\/v2\/users\/73"}],"wp:featuredmedia":[{"embeddable":true,"href":"https:\/\/www.auto-gazda.pl\/opel\/wp-json\/wp\/v2\/media\/2596"}],"wp:attachment":[{"href":"https:\/\/www.auto-gazda.pl\/opel\/wp-json\/wp\/v2\/media?parent=2595"}],"wp:term":[{"taxonomy":"marki","embeddable":true,"href":"https:\/\/www.auto-gazda.pl\/opel\/wp-json\/wp\/v2\/marki?post=2595"},{"taxonomy":"modele","embeddable":true,"href":"https:\/\/www.auto-gazda.pl\/opel\/wp-json\/wp\/v2\/modele?post=2595"},{"taxonomy":"stany","embeddable":true,"href":"https:\/\/www.auto-gazda.pl\/opel\/wp-json\/wp\/v2\/stany?post=2595"},{"taxonomy":"rodzaje_paliwa","embeddable":true,"href":"https:\/\/www.auto-gazda.pl\/opel\/wp-json\/wp\/v2\/rodzaje-paliwa?post=2595"},{"taxonomy":"skrzynie_biegow","embeddable":true,"href":"https:\/\/www.auto-gazda.pl\/opel\/wp-json\/wp\/v2\/skrzynie-biegow?post=2595"},{"taxonomy":"napedy","embeddable":true,"href":"https:\/\/www.auto-gazda.pl\/opel\/wp-json\/wp\/v2\/napedy?post=2595"},{"taxonomy":"lokalizacje","embeddable":true,"href":"https:\/\/www.auto-gazda.pl\/opel\/wp-json\/wp\/v2\/lokalizacje?post=2595"}],"curies":[{"name":"wp","href":"https:\/\/api.w.org\/{rel}","templated":true}]}}

<p><strong>Auto Gazda, jedyny autoryzowany dealer marki <em>OPEL</em> w Gliwicach, oferuje do sprzedaży:</strong></p>
<p><strong>Opel Frontera GS 1.2 Turbo Hybrid 145 KM Skrzynia automatyczna, 6 biegowa</strong></p>
<p>&nbsp;</p>
<p>DEMO,</p>
<p><strong><em> </em></strong></p>
<p><strong><em>Lakier: Zielony &#8211; Khaki, metaliczny</em></strong><em><br />
<strong>Tapicerka:</strong> Intelli-Seats czarno-szare</em></p>
<p><span class="ts1"><b>Pakiet Tech z funkcjami podgrzewania i relingami dachowymi (PQ02)</b></span>  /  <span class="ts1"><b>Przygotowanie do montażu koła zapasowego (RS19)</b></span></p>
<p><span data-olk-copy-source="MessageBody">VXKCSHPY4RT203094</span></p>
<p><strong>Szczegóły oferty, dostępne u naszych doradców:</strong></p>
<p>Marek Cebula tel : <strong>534 993 303</strong></p>
<p>Bartosz Janus tel:<strong> 600 934 500</strong></p>
<p>&nbsp;</p>
<p>&nbsp;</p>
<p><strong><u>Szanowny Kliencie przed przyjazdem upewnij się telefonicznie, że auto czeka na Twoją wizytę. </u></strong></p>
<p>Kontakt w godzinach pracy salonu:</p>
<p>Od Poniedziałku do Piątku</p>
<p>W godzinach <strong>9:00 &#8211; 18:00</strong></p>
<p>Sobota <strong>9:00-14:00</strong></p>
<p>&nbsp;</p>
<p>Niniejsze ogłoszenie jest wyłącznie informacją handlową i nie stanowi oferty w myśl <strong>art. 66, §1</strong>. Kodeksu Cywilnego.</p>
<p>Dla klientów z odległych części kraju możliwość załatwienia wszystkich formalności drogą korespondencyjną.</p>
<p>Przyjmujemy samochody w rozliczeniu (bezpłatna wycena).</p>
<p>Sprzedający nie odpowiada za ewentualne błędy lub nieaktualność ogłoszenia. Serdecznie zapraszamy do salonu w Gliwicach przy ul. <strong>Toszecka 137A</strong></p>

<p>Auto Gazda, jedyny autoryzowany dealer marki OPEL w Gliwicach, oferuje do sprzedaży: Opel Frontera GS 1.2 Turbo Hybrid 145 KM Skrzynia automatyczna, 6 biegowa &nbsp; DEMO,   Lakier: Zielony &#8211; Khaki, metaliczny Tapicerka: Intelli-Seats czarno-szare Pakiet Tech z funkcjami podgrzewania i relingami dachowymi (PQ02)  /  Przygotowanie do montażu koła zapasowego (RS19) VXKCSHPY4RT203094 Szczegóły oferty, dostępne u naszych [&hellip;]</p>
