{"id":2584,"date":"2025-07-05T10:17:02","date_gmt":"2025-07-05T08:17:02","guid":{"rendered":"https:\/\/www.auto-gazda.pl\/opel\/?post_type=samochody&#038;p=2584"},"modified":"2026-03-17T13:48:23","modified_gmt":"2026-03-17T12:48:23","slug":"opel-combo-kombi-xl-edition-plus-1-5-bluehdi-131-km-mt6-4-lata-gwarancji-ubezpieczenie-oc-ac-za-1-leasing-100","status":"publish","type":"samochody","link":"https:\/\/www.auto-gazda.pl\/opel\/samochody\/opel-combo-kombi-xl-edition-plus-1-5-bluehdi-131-km-mt6-4-lata-gwarancji-ubezpieczenie-oc-ac-za-1-leasing-100\/","title":{"rendered":"OPEL Combo Kombi XL Edition Plus 1.5 BlueHDi 131 KM MT6 4 Lata Gwarancji  Leasing 101%"},"content":{"rendered":"<p><strong>Auto Gazda, jedyny autoryzowany dealer marki <em>OPEL<\/em> w Gliwicach, oferuje do sprzeda\u017cy:<\/strong><\/p>\n<p>Combo Kombi XL Edition Plus 1.5 BlueHDi 131 KM S&amp;S MT6<\/p>\n<p><strong><em>\u00a0Leasing 101%<\/em><\/strong><\/p>\n<p><em><strong>Lakier:<\/strong> <span class=\"ts\"><b>Szary &#8211; Kontrast. metaliczny\u00a0<\/b><\/span><br \/>\n<strong>Tapicerka:<\/strong> <span class=\"ts\"><b>&#8222;Brasilia Chine&#8221;. materia\u0142owa ciemnoszara\u00a0<\/b><\/span><\/em><\/p>\n<p>&nbsp;<\/p>\n<div><span class=\"ts1\"><b>Pakiet Connect (kamera cofania 180 (Visio Park). Navi Pro. czujniki parkowania prz\u00f3d. ty\u0142. boki) (J66M)<\/b><\/span>\u00a0<span id=\"titleEquipmentLink1\" class=\"ts1 autocompleteTitleDetailEquipmentTooltipLink\"><b>(+)<\/b><\/span>\u00a0\u00a0\/\u00a0\u00a0<span class=\"ts1\"><b>Pakiet Style (alufelgi z oponami 205\/60R16 SL 92H. przyciemniane szyby tylne. os\u0142ona prowadnicy drzwi. konsola \u015brodkowa ze schowkiem. nawiew na ty\u0142. USB. tapicerka drzwi z listw\u0105. czarne relingi dachowe) (J6G4)<\/b><\/span>\u00a0<span id=\"titleEquipmentLink2\" class=\"ts1 autocompleteTitleDetailEquipmentTooltipLink\"><b>(+)<\/b><\/span>\u00a0\u00a0\/\u00a0\u00a0<span class=\"ts1\"><b>Pakiet Techno (elektroniczna klimatyzacja dwustrefowa. drugie drzwi przesuwne. dost\u0119p i zap\u0142on Open&amp;Start. 3 indywidualne fotele w II rz\u0119dzie. \u0142adowarka indukcyjna. gniazdo 230V. sk\u00f3rzana kierownica) (J6TJ)<\/b><\/span><\/div>\n<p>VIN: <span data-olk-copy-source=\"MessageBody\">707829<\/span><\/p>\n<p>&nbsp;<\/p>\n<p><strong><em>Oferujemy pe\u0142n\u0105 obs\u0142ug\u0119 w zakresie finansowania i ubezpieczenia:<\/em><\/strong><\/p>\n<p>&#8211; promocyjne kredyty oraz leasingi z niskim oprocentowaniem<br \/>\n&#8211; procedury uproszczone<br \/>\n&#8211; decyzja w jeden dzie\u0144<br \/>\n&#8211; atrakcyjne pakiety AC\/OC\/NW\/ASS uznanych na rynku firm ubezpieczeniowych<\/p>\n<p><strong>Szczeg\u00f3\u0142y oferty, dost\u0119pne u naszych doradc\u00f3w<\/strong><\/p>\n<p>Marek Cebula tel :<strong>\u00a0534 993 303<\/strong><\/p>\n<p>Bartosz Janus tel: <strong>600 934 500<\/strong><\/p>\n<p>&nbsp;<\/p>\n<p><strong><u>Szanowny Kliencie przed przyjazdem upewnij si\u0119 telefonicznie, \u017ce auto czeka na Twoj\u0105 wizyt\u0119. <\/u><\/strong><\/p>\n<p>Kontakt w godzinach pracy salonu:<\/p>\n<p>Od Poniedzia\u0142ku do Pi\u0105tku<\/p>\n<p>W godzinach <strong>9:00 &#8211; 18:00<\/strong><\/p>\n<p>Sobota <strong>9:00-14:00<\/strong><\/p>\n<p>&nbsp;<\/p>\n<p>Niniejsze og\u0142oszenie jest wy\u0142\u0105cznie informacj\u0105 handlow\u0105 i nie stanowi oferty w my\u015bl art. 66, \u00a71. Kodeksu Cywilnego.<\/p>\n<p>Sprzedaj\u0105cy nie odpowiada za ewentualne b\u0142\u0119dy lub nieaktualno\u015b\u0107 og\u0142oszenia. Serdecznie zapraszamy do salonu w Gliwicach przy ul. <strong>Toszecka 137A<\/strong><\/p>\n","protected":false},"excerpt":{"rendered":"<p>Auto Gazda, jedyny autoryzowany dealer marki OPEL w Gliwicach, oferuje do sprzeda\u017cy: Combo Kombi XL Edition Plus 1.5 BlueHDi 131 KM S&amp;S MT6 \u00a0Leasing 101% Lakier: Szary &#8211; Kontrast. metaliczny\u00a0 Tapicerka: &#8222;Brasilia Chine&#8221;. materia\u0142owa ciemnoszara\u00a0 &nbsp; Pakiet Connect (kamera cofania 180 (Visio Park). Navi Pro. czujniki parkowania prz\u00f3d. ty\u0142. boki) (J66M)\u00a0(+)\u00a0\u00a0\/\u00a0\u00a0Pakiet Style (alufelgi z oponami [&hellip;]<\/p>\n","protected":false},"author":73,"featured_media":2186,"template":"","marki":[15],"modele":[36],"stany":[13],"rodzaje-paliwa":[25],"skrzynie-biegow":[21],"napedy":[17],"lokalizacje":[18],"class_list":["post-2584","samochody","type-samochody","status-publish","has-post-thumbnail","hentry","marki-opel","modele-combo-cargo","stany-nowy","rodzaje_paliwa-diesel","skrzynie_biegow-manualna","napedy-na-przednie-kola","lokalizacje-gliwice"],"acf":[],"_links":{"self":[{"href":"https:\/\/www.auto-gazda.pl\/opel\/wp-json\/wp\/v2\/samochody\/2584","targetHints":{"allow":["GET"]}}],"collection":[{"href":"https:\/\/www.auto-gazda.pl\/opel\/wp-json\/wp\/v2\/samochody"}],"about":[{"href":"https:\/\/www.auto-gazda.pl\/opel\/wp-json\/wp\/v2\/types\/samochody"}],"author":[{"embeddable":true,"href":"https:\/\/www.auto-gazda.pl\/opel\/wp-json\/wp\/v2\/users\/73"}],"wp:featuredmedia":[{"embeddable":true,"href":"https:\/\/www.auto-gazda.pl\/opel\/wp-json\/wp\/v2\/media\/2186"}],"wp:attachment":[{"href":"https:\/\/www.auto-gazda.pl\/opel\/wp-json\/wp\/v2\/media?parent=2584"}],"wp:term":[{"taxonomy":"marki","embeddable":true,"href":"https:\/\/www.auto-gazda.pl\/opel\/wp-json\/wp\/v2\/marki?post=2584"},{"taxonomy":"modele","embeddable":true,"href":"https:\/\/www.auto-gazda.pl\/opel\/wp-json\/wp\/v2\/modele?post=2584"},{"taxonomy":"stany","embeddable":true,"href":"https:\/\/www.auto-gazda.pl\/opel\/wp-json\/wp\/v2\/stany?post=2584"},{"taxonomy":"rodzaje_paliwa","embeddable":true,"href":"https:\/\/www.auto-gazda.pl\/opel\/wp-json\/wp\/v2\/rodzaje-paliwa?post=2584"},{"taxonomy":"skrzynie_biegow","embeddable":true,"href":"https:\/\/www.auto-gazda.pl\/opel\/wp-json\/wp\/v2\/skrzynie-biegow?post=2584"},{"taxonomy":"napedy","embeddable":true,"href":"https:\/\/www.auto-gazda.pl\/opel\/wp-json\/wp\/v2\/napedy?post=2584"},{"taxonomy":"lokalizacje","embeddable":true,"href":"https:\/\/www.auto-gazda.pl\/opel\/wp-json\/wp\/v2\/lokalizacje?post=2584"}],"curies":[{"name":"wp","href":"https:\/\/api.w.org\/{rel}","templated":true}]}}

<p><strong>Auto Gazda, jedyny autoryzowany dealer marki <em>OPEL</em> w Gliwicach, oferuje do sprzedaży:</strong></p>
<p>Combo Kombi XL Edition Plus 1.5 BlueHDi 131 KM S&amp;S MT6</p>
<p><strong><em> Leasing 101%</em></strong></p>
<p><em><strong>Lakier:</strong> <span class="ts"><b>Szary &#8211; Kontrast. metaliczny </b></span><br />
<strong>Tapicerka:</strong> <span class="ts"><b>&#8222;Brasilia Chine&#8221;. materiałowa ciemnoszara </b></span></em></p>
<p>&nbsp;</p>
<div><span class="ts1"><b>Pakiet Connect (kamera cofania 180 (Visio Park). Navi Pro. czujniki parkowania przód. tył. boki) (J66M)</b></span> <span id="titleEquipmentLink1" class="ts1 autocompleteTitleDetailEquipmentTooltipLink"><b>(+)</b></span>  /  <span class="ts1"><b>Pakiet Style (alufelgi z oponami 205/60R16 SL 92H. przyciemniane szyby tylne. osłona prowadnicy drzwi. konsola środkowa ze schowkiem. nawiew na tył. USB. tapicerka drzwi z listwą. czarne relingi dachowe) (J6G4)</b></span> <span id="titleEquipmentLink2" class="ts1 autocompleteTitleDetailEquipmentTooltipLink"><b>(+)</b></span>  /  <span class="ts1"><b>Pakiet Techno (elektroniczna klimatyzacja dwustrefowa. drugie drzwi przesuwne. dostęp i zapłon Open&amp;Start. 3 indywidualne fotele w II rzędzie. ładowarka indukcyjna. gniazdo 230V. skórzana kierownica) (J6TJ)</b></span></div>
<p>VIN: <span data-olk-copy-source="MessageBody">707829</span></p>
<p>&nbsp;</p>
<p><strong><em>Oferujemy pełną obsługę w zakresie finansowania i ubezpieczenia:</em></strong></p>
<p>&#8211; promocyjne kredyty oraz leasingi z niskim oprocentowaniem<br />
&#8211; procedury uproszczone<br />
&#8211; decyzja w jeden dzień<br />
&#8211; atrakcyjne pakiety AC/OC/NW/ASS uznanych na rynku firm ubezpieczeniowych</p>
<p><strong>Szczegóły oferty, dostępne u naszych doradców</strong></p>
<p>Marek Cebula tel :<strong> 534 993 303</strong></p>
<p>Bartosz Janus tel: <strong>600 934 500</strong></p>
<p>&nbsp;</p>
<p><strong><u>Szanowny Kliencie przed przyjazdem upewnij się telefonicznie, że auto czeka na Twoją wizytę. </u></strong></p>
<p>Kontakt w godzinach pracy salonu:</p>
<p>Od Poniedziałku do Piątku</p>
<p>W godzinach <strong>9:00 &#8211; 18:00</strong></p>
<p>Sobota <strong>9:00-14:00</strong></p>
<p>&nbsp;</p>
<p>Niniejsze ogłoszenie jest wyłącznie informacją handlową i nie stanowi oferty w myśl art. 66, §1. Kodeksu Cywilnego.</p>
<p>Sprzedający nie odpowiada za ewentualne błędy lub nieaktualność ogłoszenia. Serdecznie zapraszamy do salonu w Gliwicach przy ul. <strong>Toszecka 137A</strong></p>

<p>Auto Gazda, jedyny autoryzowany dealer marki OPEL w Gliwicach, oferuje do sprzedaży: Combo Kombi XL Edition Plus 1.5 BlueHDi 131 KM S&amp;S MT6  Leasing 101% Lakier: Szary &#8211; Kontrast. metaliczny  Tapicerka: &#8222;Brasilia Chine&#8221;. materiałowa ciemnoszara  &nbsp; Pakiet Connect (kamera cofania 180 (Visio Park). Navi Pro. czujniki parkowania przód. tył. boki) (J66M) (+)  /  Pakiet Style (alufelgi z oponami [&hellip;]</p>
