{"id":2392,"date":"2025-05-14T14:57:54","date_gmt":"2025-05-14T12:57:54","guid":{"rendered":"https:\/\/www.auto-gazda.pl\/opel\/?post_type=samochody&#038;p=2392"},"modified":"2026-03-06T13:56:13","modified_gmt":"2026-03-06T12:56:13","slug":"opel-movano-l3h2-furgon-2-2d-140km-mt6-oferta-dla-kurierow-transportu-i-budowlanki","status":"publish","type":"samochody","link":"https:\/\/www.auto-gazda.pl\/opel\/samochody\/opel-movano-l3h2-furgon-2-2d-140km-mt6-oferta-dla-kurierow-transportu-i-budowlanki\/","title":{"rendered":"Opel Movano L2H2 Furgon 2.2D 140KM MT6 Leasing 101%"},"content":{"rendered":"<p><strong>Auto Gazda, jedyny autoryzowany dealer marki <em>OPEL<\/em> w Gliwicach, oferuje do sprzeda\u017cy:<\/strong><\/p>\n<p><strong><em>Opel Movano (zdj\u0119cie pogl\u0105dowe)<br \/>\n<\/em><\/strong><\/p>\n<p><em><strong>Lakier:<\/strong> <b>Bia\u0142y Icy<\/b><br \/>\n<strong>Tapicerka:<\/strong> Tapicerka materia\u0142owa<\/em><\/p>\n<p>VIN: <span data-olk-copy-source=\"MessageBody\">VXEYCF6F0SG045376<\/span><\/p>\n<div>\n<table id=\"tlTable\" width=\"100%\">\n<tbody>\n<tr>\n<td align=\"left\"><span class=\"ts1\"><b>Drzwi tylne dwuskrzyd\u0142owe otwierane pod k\u0105tem do 270 stopni (LL02)<\/b><\/span>\u00a0\u00a0\/\u00a0\u00a0<span class=\"ts1\"><b>Kamera cofania z dynamicznymi kolorowymi liniami wyznaczaj\u0105cymi trajektori\u0119 ruchu pojazdu (tylko Furgon) (QK13)<\/b><\/span>\u00a0\u00a0\/\u00a0\u00a0<span class=\"ts1\"><b>Ko\u0142o zapasowe pe\u0142nowymiarowe (zawiera TD01 System podtrzymuj\u0105cy ko\u0142o zapasowe) (RS03)<\/b><\/span><\/td>\n<\/tr>\n<\/tbody>\n<\/table>\n<\/div>\n<p><strong><em>Oferujemy pe\u0142n\u0105 obs\u0142ug\u0119 w zakresie finansowania i ubezpieczenia:<\/em><\/strong><\/p>\n<p>&nbsp;<\/p>\n<p>&#8211; promocyjne kredyty oraz leasingi z niskim oprocentowaniem<br \/>\n&#8211; procedury uproszczone<br \/>\n&#8211; decyzja w jeden dzie\u0144<br \/>\n&#8211; atrakcyjne pakiety AC\/OC\/NW\/ASS uznanych na rynku firm ubezpieczeniowych<\/p>\n<p><strong>Szczeg\u00f3\u0142y oferty, dost\u0119pne u naszych doradc\u00f3w<\/strong><\/p>\n<p>Marek Cebula tel :<strong> 534 993 303<\/strong><\/p>\n<p>Bartosz Janus tel:\u00a0<strong>600 934 500<\/strong><\/p>\n<p>&nbsp;<\/p>\n<p><strong><u>Szanowny Kliencie przed przyjazdem upewnij si\u0119 telefonicznie, \u017ce auto czeka na Twoj\u0105 wizyt\u0119. <\/u><\/strong><\/p>\n<p>Kontakt w godzinach pracy salonu:<\/p>\n<p>Od Poniedzia\u0142ku do Pi\u0105tku<\/p>\n<p>W godzinach <strong>9:00 &#8211; 18:00<\/strong><\/p>\n<p>Sobota <strong>9:00-14:00<\/strong><\/p>\n<p>&nbsp;<\/p>\n<p>Niniejsze og\u0142oszenie jest wy\u0142\u0105cznie informacj\u0105 handlow\u0105 i nie stanowi oferty w my\u015bl art. 66, \u00a71. Kodeksu Cywilnego.<\/p>\n<p>Sprzedaj\u0105cy nie odpowiada za ewentualne b\u0142\u0119dy lub nieaktualno\u015b\u0107 og\u0142oszenia. Serdecznie zapraszamy do salonu w Gliwicach przy ul. <strong>Toszecka 137A<\/strong><\/p>\n","protected":false},"excerpt":{"rendered":"<p>Auto Gazda, jedyny autoryzowany dealer marki OPEL w Gliwicach, oferuje do sprzeda\u017cy: Opel Movano (zdj\u0119cie pogl\u0105dowe) Lakier: Bia\u0142y Icy Tapicerka: Tapicerka materia\u0142owa VIN: VXEYCF6F0SG045376 Drzwi tylne dwuskrzyd\u0142owe otwierane pod k\u0105tem do 270 stopni (LL02)\u00a0\u00a0\/\u00a0\u00a0Kamera cofania z dynamicznymi kolorowymi liniami wyznaczaj\u0105cymi trajektori\u0119 ruchu pojazdu (tylko Furgon) (QK13)\u00a0\u00a0\/\u00a0\u00a0Ko\u0142o zapasowe pe\u0142nowymiarowe (zawiera TD01 System podtrzymuj\u0105cy ko\u0142o zapasowe) (RS03) [&hellip;]<\/p>\n","protected":false},"author":73,"featured_media":2174,"template":"","marki":[15],"modele":[34],"stany":[13],"rodzaje-paliwa":[25],"skrzynie-biegow":[21],"napedy":[17],"lokalizacje":[18],"class_list":["post-2392","samochody","type-samochody","status-publish","has-post-thumbnail","hentry","marki-opel","modele-movano","stany-nowy","rodzaje_paliwa-diesel","skrzynie_biegow-manualna","napedy-na-przednie-kola","lokalizacje-gliwice"],"acf":[],"_links":{"self":[{"href":"https:\/\/www.auto-gazda.pl\/opel\/wp-json\/wp\/v2\/samochody\/2392","targetHints":{"allow":["GET"]}}],"collection":[{"href":"https:\/\/www.auto-gazda.pl\/opel\/wp-json\/wp\/v2\/samochody"}],"about":[{"href":"https:\/\/www.auto-gazda.pl\/opel\/wp-json\/wp\/v2\/types\/samochody"}],"author":[{"embeddable":true,"href":"https:\/\/www.auto-gazda.pl\/opel\/wp-json\/wp\/v2\/users\/73"}],"wp:featuredmedia":[{"embeddable":true,"href":"https:\/\/www.auto-gazda.pl\/opel\/wp-json\/wp\/v2\/media\/2174"}],"wp:attachment":[{"href":"https:\/\/www.auto-gazda.pl\/opel\/wp-json\/wp\/v2\/media?parent=2392"}],"wp:term":[{"taxonomy":"marki","embeddable":true,"href":"https:\/\/www.auto-gazda.pl\/opel\/wp-json\/wp\/v2\/marki?post=2392"},{"taxonomy":"modele","embeddable":true,"href":"https:\/\/www.auto-gazda.pl\/opel\/wp-json\/wp\/v2\/modele?post=2392"},{"taxonomy":"stany","embeddable":true,"href":"https:\/\/www.auto-gazda.pl\/opel\/wp-json\/wp\/v2\/stany?post=2392"},{"taxonomy":"rodzaje_paliwa","embeddable":true,"href":"https:\/\/www.auto-gazda.pl\/opel\/wp-json\/wp\/v2\/rodzaje-paliwa?post=2392"},{"taxonomy":"skrzynie_biegow","embeddable":true,"href":"https:\/\/www.auto-gazda.pl\/opel\/wp-json\/wp\/v2\/skrzynie-biegow?post=2392"},{"taxonomy":"napedy","embeddable":true,"href":"https:\/\/www.auto-gazda.pl\/opel\/wp-json\/wp\/v2\/napedy?post=2392"},{"taxonomy":"lokalizacje","embeddable":true,"href":"https:\/\/www.auto-gazda.pl\/opel\/wp-json\/wp\/v2\/lokalizacje?post=2392"}],"curies":[{"name":"wp","href":"https:\/\/api.w.org\/{rel}","templated":true}]}}

<p><strong>Auto Gazda, jedyny autoryzowany dealer marki <em>OPEL</em> w Gliwicach, oferuje do sprzedaży:</strong></p>
<p><strong><em>Opel Movano (zdjęcie poglądowe)<br />
</em></strong></p>
<p><em><strong>Lakier:</strong> <b>Biały Icy</b><br />
<strong>Tapicerka:</strong> Tapicerka materiałowa</em></p>
<p>VIN: <span data-olk-copy-source="MessageBody">VXEYCF6F0SG045376</span></p>
<div>
<table id="tlTable" width="100%">
<tbody>
<tr>
<td align="left"><span class="ts1"><b>Drzwi tylne dwuskrzydłowe otwierane pod kątem do 270 stopni (LL02)</b></span>  /  <span class="ts1"><b>Kamera cofania z dynamicznymi kolorowymi liniami wyznaczającymi trajektorię ruchu pojazdu (tylko Furgon) (QK13)</b></span>  /  <span class="ts1"><b>Koło zapasowe pełnowymiarowe (zawiera TD01 System podtrzymujący koło zapasowe) (RS03)</b></span></td>
</tr>
</tbody>
</table>
</div>
<p><strong><em>Oferujemy pełną obsługę w zakresie finansowania i ubezpieczenia:</em></strong></p>
<p>&nbsp;</p>
<p>&#8211; promocyjne kredyty oraz leasingi z niskim oprocentowaniem<br />
&#8211; procedury uproszczone<br />
&#8211; decyzja w jeden dzień<br />
&#8211; atrakcyjne pakiety AC/OC/NW/ASS uznanych na rynku firm ubezpieczeniowych</p>
<p><strong>Szczegóły oferty, dostępne u naszych doradców</strong></p>
<p>Marek Cebula tel :<strong> 534 993 303</strong></p>
<p>Bartosz Janus tel: <strong>600 934 500</strong></p>
<p>&nbsp;</p>
<p><strong><u>Szanowny Kliencie przed przyjazdem upewnij się telefonicznie, że auto czeka na Twoją wizytę. </u></strong></p>
<p>Kontakt w godzinach pracy salonu:</p>
<p>Od Poniedziałku do Piątku</p>
<p>W godzinach <strong>9:00 &#8211; 18:00</strong></p>
<p>Sobota <strong>9:00-14:00</strong></p>
<p>&nbsp;</p>
<p>Niniejsze ogłoszenie jest wyłącznie informacją handlową i nie stanowi oferty w myśl art. 66, §1. Kodeksu Cywilnego.</p>
<p>Sprzedający nie odpowiada za ewentualne błędy lub nieaktualność ogłoszenia. Serdecznie zapraszamy do salonu w Gliwicach przy ul. <strong>Toszecka 137A</strong></p>

<p>Auto Gazda, jedyny autoryzowany dealer marki OPEL w Gliwicach, oferuje do sprzedaży: Opel Movano (zdjęcie poglądowe) Lakier: Biały Icy Tapicerka: Tapicerka materiałowa VIN: VXEYCF6F0SG045376 Drzwi tylne dwuskrzydłowe otwierane pod kątem do 270 stopni (LL02)  /  Kamera cofania z dynamicznymi kolorowymi liniami wyznaczającymi trajektorię ruchu pojazdu (tylko Furgon) (QK13)  /  Koło zapasowe pełnowymiarowe (zawiera TD01 System podtrzymujący koło zapasowe) (RS03) [&hellip;]</p>
