{"id":2330,"date":"2025-04-25T14:56:20","date_gmt":"2025-04-25T12:56:20","guid":{"rendered":"https:\/\/www.auto-gazda.pl\/opel\/?post_type=samochody&#038;p=2330"},"modified":"2026-02-06T15:48:27","modified_gmt":"2026-02-06T14:48:27","slug":"opel-frontera-edition-1-2-turbo-hybrid-110-km-rata-od-860-zl-oc-ac-za-1-leasing-103","status":"publish","type":"samochody","link":"https:\/\/www.auto-gazda.pl\/opel\/samochody\/opel-frontera-edition-1-2-turbo-hybrid-110-km-rata-od-860-zl-oc-ac-za-1-leasing-103\/","title":{"rendered":"Opel Frontera Edition 1.2 Turbo Hybrid 110 KM RATA OD 860 z\u0142 LEASING 100% 8 lat Ochrony"},"content":{"rendered":"<p><strong>Auto Gazda, jedyny autoryzowany dealer marki <em>OPEL<\/em> w Gliwicach, oferuje do sprzeda\u017cy:<\/strong><\/p>\n<p><strong>Opel Frontera Edition 1.2 Turbo Hybrid 110 KM Skrzynia automatyczna, 6 biegowa<\/strong><\/p>\n<p>&#8211; auto zarejestrowane na dealera, bez przebiegu<br \/>\n&#8211; przed\u0142u\u017cona ochrona do 8 lat\/160 000km<br \/>\n&#8211; promocyjne ubezpieczenie 1% w cenie auta<br \/>\n&#8211; promocyjne finansowanie<\/p>\n<p><strong><em>RATA OD 860 z\u0142<\/em><\/strong><\/p>\n<p><strong><em>Lakier: Srebrny &#8211; Kristall, metaliczny<\/em><\/strong><em><br \/>\n<strong>Tapicerka:<\/strong> Fotel komfortowy<\/em><\/p>\n<p><span class=\"ts1\"><b>Przygotowanie do monta\u017cu ko\u0142a zapasowego (RS19)<\/b><\/span>\u00a0\u00a0\/\u00a0\u00a0<span class=\"ts1\"><b>Pakiet Tech Edition z systemem Infotainment Navi i 10-calowymi ekranami. kamer\u0105 cofania oraz pod\u0142okietnikiem kierowcy (ZJA7)<\/b><\/span><\/p>\n<p>&nbsp;<\/p>\n<p>VIN: VXKCSHPX3RT205555<\/p>\n<p><strong>Szczeg\u00f3\u0142y oferty, dost\u0119pne u naszych doradc\u00f3w :<\/strong><\/p>\n<p>Marek Cebula tel : <strong>534 993 303<\/strong><\/p>\n<p>Bartosz Janus tel:<strong> 600 934 500<\/strong><\/p>\n<p>&nbsp;<\/p>\n<p><strong><u>Szanowny Kliencie przed przyjazdem upewnij si\u0119 telefonicznie, \u017ce auto czeka na Twoj\u0105 wizyt\u0119. <\/u><\/strong><\/p>\n<p>Kontakt w godzinach pracy salonu:<\/p>\n<p>Od Poniedzia\u0142ku do Pi\u0105tku<\/p>\n<p>W godzinach <strong>9:00 &#8211; 18:00<\/strong><\/p>\n<p>Sobota <strong>9:00-14:00<\/strong><\/p>\n<p>&nbsp;<\/p>\n<p>Niniejsze og\u0142oszenie jest wy\u0142\u0105cznie informacj\u0105 handlow\u0105 i nie stanowi oferty w my\u015bl <strong>art. 66, \u00a71<\/strong>. Kodeksu Cywilnego.<\/p>\n<p>Dla klient\u00f3w z odleg\u0142ych cz\u0119\u015bci kraju mo\u017cliwo\u015b\u0107 za\u0142atwienia wszystkich formalno\u015bci drog\u0105 korespondencyjn\u0105.<\/p>\n<p>Przyjmujemy samochody w rozliczeniu (bezp\u0142atna wycena).<\/p>\n<p>Sprzedaj\u0105cy nie odpowiada za ewentualne b\u0142\u0119dy lub nieaktualno\u015b\u0107 og\u0142oszenia. Serdecznie zapraszamy do salonu w Gliwicach przy ul. <strong>Toszecka 137A<\/strong><\/p>\n","protected":false},"excerpt":{"rendered":"<p>Auto Gazda, jedyny autoryzowany dealer marki OPEL w Gliwicach, oferuje do sprzeda\u017cy: Opel Frontera Edition 1.2 Turbo Hybrid 110 KM Skrzynia automatyczna, 6 biegowa &#8211; auto zarejestrowane na dealera, bez przebiegu &#8211; przed\u0142u\u017cona ochrona do 8 lat\/160 000km &#8211; promocyjne ubezpieczenie 1% w cenie auta &#8211; promocyjne finansowanie RATA OD 860 z\u0142 Lakier: Srebrny &#8211; [&hellip;]<\/p>\n","protected":false},"author":73,"featured_media":2950,"template":"","marki":[15],"modele":[42],"stany":[13],"rodzaje-paliwa":[38],"skrzynie-biegow":[16],"napedy":[17],"lokalizacje":[18],"class_list":["post-2330","samochody","type-samochody","status-publish","has-post-thumbnail","hentry","marki-opel","modele-frontera","stany-nowy","rodzaje_paliwa-hybryda","skrzynie_biegow-automatyczna","napedy-na-przednie-kola","lokalizacje-gliwice"],"acf":[],"_links":{"self":[{"href":"https:\/\/www.auto-gazda.pl\/opel\/wp-json\/wp\/v2\/samochody\/2330","targetHints":{"allow":["GET"]}}],"collection":[{"href":"https:\/\/www.auto-gazda.pl\/opel\/wp-json\/wp\/v2\/samochody"}],"about":[{"href":"https:\/\/www.auto-gazda.pl\/opel\/wp-json\/wp\/v2\/types\/samochody"}],"author":[{"embeddable":true,"href":"https:\/\/www.auto-gazda.pl\/opel\/wp-json\/wp\/v2\/users\/73"}],"wp:featuredmedia":[{"embeddable":true,"href":"https:\/\/www.auto-gazda.pl\/opel\/wp-json\/wp\/v2\/media\/2950"}],"wp:attachment":[{"href":"https:\/\/www.auto-gazda.pl\/opel\/wp-json\/wp\/v2\/media?parent=2330"}],"wp:term":[{"taxonomy":"marki","embeddable":true,"href":"https:\/\/www.auto-gazda.pl\/opel\/wp-json\/wp\/v2\/marki?post=2330"},{"taxonomy":"modele","embeddable":true,"href":"https:\/\/www.auto-gazda.pl\/opel\/wp-json\/wp\/v2\/modele?post=2330"},{"taxonomy":"stany","embeddable":true,"href":"https:\/\/www.auto-gazda.pl\/opel\/wp-json\/wp\/v2\/stany?post=2330"},{"taxonomy":"rodzaje_paliwa","embeddable":true,"href":"https:\/\/www.auto-gazda.pl\/opel\/wp-json\/wp\/v2\/rodzaje-paliwa?post=2330"},{"taxonomy":"skrzynie_biegow","embeddable":true,"href":"https:\/\/www.auto-gazda.pl\/opel\/wp-json\/wp\/v2\/skrzynie-biegow?post=2330"},{"taxonomy":"napedy","embeddable":true,"href":"https:\/\/www.auto-gazda.pl\/opel\/wp-json\/wp\/v2\/napedy?post=2330"},{"taxonomy":"lokalizacje","embeddable":true,"href":"https:\/\/www.auto-gazda.pl\/opel\/wp-json\/wp\/v2\/lokalizacje?post=2330"}],"curies":[{"name":"wp","href":"https:\/\/api.w.org\/{rel}","templated":true}]}}

Opel Frontera Edition 1.2 Turbo Hybrid 110 KM RATA OD 860 zł LEASING 100% 8 lat Ochrony

<p><strong>Auto Gazda, jedyny autoryzowany dealer marki <em>OPEL</em> w Gliwicach, oferuje do sprzedaży:</strong></p>
<p><strong>Opel Frontera Edition 1.2 Turbo Hybrid 110 KM Skrzynia automatyczna, 6 biegowa</strong></p>
<p>&#8211; auto zarejestrowane na dealera, bez przebiegu<br />
&#8211; przedłużona ochrona do 8 lat/160 000km<br />
&#8211; promocyjne ubezpieczenie 1% w cenie auta<br />
&#8211; promocyjne finansowanie</p>
<p><strong><em>RATA OD 860 zł</em></strong></p>
<p><strong><em>Lakier: Srebrny &#8211; Kristall, metaliczny</em></strong><em><br />
<strong>Tapicerka:</strong> Fotel komfortowy</em></p>
<p><span class="ts1"><b>Przygotowanie do montażu koła zapasowego (RS19)</b></span>  /  <span class="ts1"><b>Pakiet Tech Edition z systemem Infotainment Navi i 10-calowymi ekranami. kamerą cofania oraz podłokietnikiem kierowcy (ZJA7)</b></span></p>
<p>&nbsp;</p>
<p>VIN: VXKCSHPX3RT205555</p>
<p><strong>Szczegóły oferty, dostępne u naszych doradców :</strong></p>
<p>Marek Cebula tel : <strong>534 993 303</strong></p>
<p>Bartosz Janus tel:<strong> 600 934 500</strong></p>
<p>&nbsp;</p>
<p><strong><u>Szanowny Kliencie przed przyjazdem upewnij się telefonicznie, że auto czeka na Twoją wizytę. </u></strong></p>
<p>Kontakt w godzinach pracy salonu:</p>
<p>Od Poniedziałku do Piątku</p>
<p>W godzinach <strong>9:00 &#8211; 18:00</strong></p>
<p>Sobota <strong>9:00-14:00</strong></p>
<p>&nbsp;</p>
<p>Niniejsze ogłoszenie jest wyłącznie informacją handlową i nie stanowi oferty w myśl <strong>art. 66, §1</strong>. Kodeksu Cywilnego.</p>
<p>Dla klientów z odległych części kraju możliwość załatwienia wszystkich formalności drogą korespondencyjną.</p>
<p>Przyjmujemy samochody w rozliczeniu (bezpłatna wycena).</p>
<p>Sprzedający nie odpowiada za ewentualne błędy lub nieaktualność ogłoszenia. Serdecznie zapraszamy do salonu w Gliwicach przy ul. <strong>Toszecka 137A</strong></p>

<p>Auto Gazda, jedyny autoryzowany dealer marki OPEL w Gliwicach, oferuje do sprzedaży: Opel Frontera Edition 1.2 Turbo Hybrid 110 KM Skrzynia automatyczna, 6 biegowa &#8211; auto zarejestrowane na dealera, bez przebiegu &#8211; przedłużona ochrona do 8 lat/160 000km &#8211; promocyjne ubezpieczenie 1% w cenie auta &#8211; promocyjne finansowanie RATA OD 860 zł Lakier: Srebrny &#8211; [&hellip;]</p>
