{"id":5610,"date":"2026-04-30T14:59:32","date_gmt":"2026-04-30T12:59:32","guid":{"rendered":"https:\/\/www.auto-gazda.pl\/mazda\/?post_type=samochody&#038;p=5610"},"modified":"2026-04-30T14:59:32","modified_gmt":"2026-04-30T12:59:32","slug":"mazda-2-hybrid-1-5-116km-automat-centre-line","status":"publish","type":"samochody","link":"https:\/\/www.auto-gazda.pl\/mazda\/samochody\/mazda-2-hybrid-1-5-116km-automat-centre-line\/","title":{"rendered":"Mazda 2 Hybrid 1.5 116KM Automat Centre-Line"},"content":{"rendered":"<p dir=\"ltr\"><span style=\"white-space: pre-wrap\">Autoryzowany Dealer Mazda Auto-Gazda Kielce ma do zaoferowania samoch\u00f3d nowy :<\/span><\/p>\n<p>&nbsp;<\/p>\n<p dir=\"ltr\"><strong><strong style=\"white-space: pre-wrap\">Mazda 2 Hybrid 1.5 116KM Automat Centre-Line<\/strong><\/strong><\/p>\n<p>&nbsp;<\/p>\n<p dir=\"ltr\"><span style=\"white-space: pre-wrap\">w kolorze: <\/span><strong><strong style=\"white-space: pre-wrap\">Machine Gray<\/strong><\/strong><\/p>\n<p>&nbsp;<\/p>\n<p dir=\"ltr\"><span style=\"white-space: pre-wrap\">Samoch\u00f3d z polskiego salonu, pierwszy w\u0142a\u015bciciel, bezwypadkowy, dost\u0119pny od r\u0119ki. Rok produkcji 2024, przebieg: 5 620 km. Auto regularnie serwisowane, pe\u0142na dokumentacja. 5 lat gwarancji producenta do 2030 lub 150 000 km. Opony zimowe w cenie!<\/span><\/p>\n<p>&nbsp;<\/p>\n<p dir=\"ltr\"><strong><strong style=\"white-space: pre-wrap\">Wyposa\u017cenie m.in.:<\/strong><\/strong><\/p>\n<p><strong>B E Z P I E C Z E \u0143 S T W O\u00a0 i\u00a0 T E C H N O L O G I E<\/strong><\/p>\n<p>\u2022 Przednie i boczne poduszki powietrzne kierowcy i pasa\u017cera<br \/>\n\u2022 Kurtyny powietrzne<br \/>\n\u2022 Centralne poduszki powietrzne pomi\u0119dzy kierowc\u0105 a pasa\u017cerem<br \/>\n\u2022 Immobilizer fabryczny<br \/>\n\u2022 Wspomaganie ruszania na wzniesieniu (HLA)<br \/>\n\u2022 Uk\u0142ad ostrzegania o niezamierzonej zmianie pasa ruchu z asystentem<br \/>\nutrzymania pasa ruchu<br \/>\n\u2022 System rozpoznawania znak\u00f3w drogowych (TSR)<br \/>\n\u2022 Wspomaganie hamowania z systemem wykrywania pieszych i rowerzyst\u00f3w<br \/>\n\u2022 Wspomaganie kierownicy w razie ryzyka zderzenia<br \/>\n\u2022 Uk\u0142ad zapobiegania kolizjom na skrzy\u017cowaniach<br \/>\n\u2022 System wykrywania zm\u0119czenia kierowcy (DAA)<br \/>\n\u2022 System automatycznego powiadamiania ratunkowego (eCall)<br \/>\n\u2022 System monitoruj\u0105cy ci\u015bnienie w oponach (TPMS)<br \/>\n\u2022 Tempomat adaptacyjny<br \/>\n\u2022 Automatyczne \u015bwiat\u0142a drogowe (high beam control)<br \/>\n\u2022 Kamera cofania<\/p>\n<p>&nbsp;<\/p>\n<p><strong>K O M F O R T<\/strong><br \/>\n\u2022 Tapicerka materia\u0142owa Medium<br \/>\n\u2022 Manualna regulacja wysoko\u015bci fotela kierowcy<br \/>\n\u2022 Podgrzewane przednie fotele<br \/>\n\u2022 Klimatyzacja automatyczna jednostrefowa<br \/>\n\u2022 Centralny pod\u0142okietnik<br \/>\n\u2022 Wy\u015bwietlacz centralny 9&#8243;<br \/>\n\u2022 Centralny zamek otwierany pilotem<br \/>\n\u2022 Elektrycznie regulowane szyby z funkcj\u0105 AUTO<br \/>\n\u2022 Czujnik deszczu<br \/>\n\u2022 Sk\u00f3rzana kierownica<br \/>\n\u2022 Sk\u00f3rzany dr\u0105\u017cek zmiany bieg\u00f3w<br \/>\n\u2022 Podsufitka w kolorze szarym<br \/>\n\u2022 Tryb wyboru jazdy (ECO \/ POWER)<br \/>\n\u2022 Wska\u017anik uk\u0142adu hybrydowego<br \/>\n\u2022 Tryb EV<\/p>\n<p>&nbsp;<\/p>\n<p><strong>M U L T I M E D I A<\/strong><br \/>\n\u2022 6 g\u0142o\u015bnik\u00f3w<br \/>\n\u2022 Port USB-C<br \/>\n\u2022 Zestaw g\u0142o\u015bnom\u00f3wi\u0105cy Bluetooth<br \/>\n\u2022 Radio cyfrowe DAB<br \/>\n\u2022 Interfejs bezprzewodowy Apple Carplay<br \/>\n\u2022 Interfejs bezprzewodowy Android Auto<br \/>\n\u2022 Gniazdo 12V<\/p>\n<p>&nbsp;<\/p>\n<p><strong>E L E M E N T Y\u00a0 Z E W N \u0118 T R Z N E<\/strong><br \/>\n\u2022 Obr\u0119cze aluminiowe 15&#8243; (opony 185\/65)<br \/>\n\u2022 Reflektory przednie halogenowe<br \/>\n\u2022 Tylne lampy LED<br \/>\n\u2022 Tylne kierunkowskazy halogenowe<br \/>\n\u2022 Tylny spojler<br \/>\n\u2022 Lusterka boczne regulowane elektrycznie<br \/>\n\u2022 Lusterka boczne podgrzewane<br \/>\n\u2022 Lusterka boczne w kolorze czarnym<\/p>\n<p>&nbsp;<\/p>\n<p dir=\"ltr\"><span style=\"white-space: pre-wrap\">Auto do obejrzenia w salonie Mazdy Auto-Gazda w Kielcach.<\/span><\/p>\n<p>&nbsp;<\/p>\n<p dir=\"ltr\"><span style=\"white-space: pre-wrap\">Wszystkie informacje zawarte w tym og\u0142oszeniu nale\u017cy potwierdzi\u0107 u sprzedawcy.<\/span><\/p>\n<p>&nbsp;<\/p>\n<p dir=\"ltr\"><span style=\"white-space: pre-wrap\"><strong>Dodatkowo zawarte ju\u017c w cenie pojazdu:<\/strong> <\/span><\/p>\n<p dir=\"ltr\"><span style=\"white-space: pre-wrap\">Opony Zimowe <\/span><\/p>\n<p dir=\"ltr\"><span style=\"white-space: pre-wrap\">Nakr\u0119tki antykradzie\u017cowe k\u00f3\u0142 <\/span><\/p>\n<p dir=\"ltr\"><span style=\"white-space: pre-wrap\">Mata Baga\u017cnika <\/span><\/p>\n<p dir=\"ltr\">\n<p dir=\"ltr\"><span style=\"white-space: pre-wrap\">Skontaktuj si\u0119 z naszymi doradcami: <\/span><\/p>\n<p dir=\"ltr\">\n<p dir=\"ltr\"><strong><strong style=\"white-space: pre-wrap\">Karol Kawi\u0144ski<\/strong><\/strong><\/p>\n<p dir=\"ltr\">\n<p dir=\"ltr\"><span style=\"white-space: pre-wrap\">kom: +48 739272288 <\/span><\/p>\n<p dir=\"ltr\"><span style=\"white-space: pre-wrap\">e-mail: karol.kawinski@mazda.auto-gazda.pl<\/span><\/p>\n<p dir=\"ltr\">\n<p dir=\"ltr\"><strong><strong style=\"white-space: pre-wrap\">Katarzyna Brzezi\u0144ska<\/strong><\/strong><\/p>\n<p>&nbsp;<\/p>\n<p dir=\"ltr\"><span style=\"white-space: pre-wrap\">kom: +48 739272175 <\/span><\/p>\n<p dir=\"ltr\"><span style=\"white-space: pre-wrap\">e-mail: katarzyna.brzezinska@mazda.auto-gazda.pl<\/span><\/p>\n<p>&nbsp;<\/p>\n<p dir=\"ltr\"><strong><strong style=\"white-space: pre-wrap\">Jakub Banachowski<\/strong><\/strong><\/p>\n<p dir=\"ltr\">\n<p dir=\"ltr\"><span style=\"white-space: pre-wrap\">kom: +48 739272253 <\/span><\/p>\n<p dir=\"ltr\"><span style=\"white-space: pre-wrap\">e-mail: jakub.banachowski@mazda.auto-gazda.pl<\/span><\/p>\n","protected":false},"excerpt":{"rendered":"<p>Autoryzowany Dealer Mazda Auto-Gazda Kielce ma do zaoferowania samoch\u00f3d nowy : &nbsp; Mazda 2 Hybrid 1.5 116KM Automat Centre-Line &nbsp; w kolorze: Machine Gray &nbsp; Samoch\u00f3d z polskiego salonu, pierwszy w\u0142a\u015bciciel, bezwypadkowy, dost\u0119pny od r\u0119ki. Rok produkcji 2024, przebieg: 5 620 km. Auto regularnie serwisowane, pe\u0142na dokumentacja. 5 lat gwarancji producenta do 2030 lub 150 [&hellip;]<\/p>\n","protected":false},"author":65,"featured_media":5621,"template":"","marki":[13],"modele":[41],"stany":[31],"rodzaje-paliwa":[17],"skrzynie-biegow":[6],"napedy":[21],"lokalizacje":[47],"class_list":["post-5610","samochody","type-samochody","status-publish","has-post-thumbnail","hentry","marki-mazda","modele-2-hybrid","stany-uzywany","rodzaje_paliwa-hybryda","skrzynie_biegow-automatyczna","napedy-na-przednie-kola","lokalizacje-kielce"],"acf":[],"_links":{"self":[{"href":"https:\/\/www.auto-gazda.pl\/mazda\/wp-json\/wp\/v2\/samochody\/5610","targetHints":{"allow":["GET"]}}],"collection":[{"href":"https:\/\/www.auto-gazda.pl\/mazda\/wp-json\/wp\/v2\/samochody"}],"about":[{"href":"https:\/\/www.auto-gazda.pl\/mazda\/wp-json\/wp\/v2\/types\/samochody"}],"author":[{"embeddable":true,"href":"https:\/\/www.auto-gazda.pl\/mazda\/wp-json\/wp\/v2\/users\/65"}],"wp:featuredmedia":[{"embeddable":true,"href":"https:\/\/www.auto-gazda.pl\/mazda\/wp-json\/wp\/v2\/media\/5621"}],"wp:attachment":[{"href":"https:\/\/www.auto-gazda.pl\/mazda\/wp-json\/wp\/v2\/media?parent=5610"}],"wp:term":[{"taxonomy":"marki","embeddable":true,"href":"https:\/\/www.auto-gazda.pl\/mazda\/wp-json\/wp\/v2\/marki?post=5610"},{"taxonomy":"modele","embeddable":true,"href":"https:\/\/www.auto-gazda.pl\/mazda\/wp-json\/wp\/v2\/modele?post=5610"},{"taxonomy":"stany","embeddable":true,"href":"https:\/\/www.auto-gazda.pl\/mazda\/wp-json\/wp\/v2\/stany?post=5610"},{"taxonomy":"rodzaje_paliwa","embeddable":true,"href":"https:\/\/www.auto-gazda.pl\/mazda\/wp-json\/wp\/v2\/rodzaje-paliwa?post=5610"},{"taxonomy":"skrzynie_biegow","embeddable":true,"href":"https:\/\/www.auto-gazda.pl\/mazda\/wp-json\/wp\/v2\/skrzynie-biegow?post=5610"},{"taxonomy":"napedy","embeddable":true,"href":"https:\/\/www.auto-gazda.pl\/mazda\/wp-json\/wp\/v2\/napedy?post=5610"},{"taxonomy":"lokalizacje","embeddable":true,"href":"https:\/\/www.auto-gazda.pl\/mazda\/wp-json\/wp\/v2\/lokalizacje?post=5610"}],"curies":[{"name":"wp","href":"https:\/\/api.w.org\/{rel}","templated":true}]}}

<p dir="ltr"><span style="white-space: pre-wrap">Autoryzowany Dealer Mazda Auto-Gazda Kielce ma do zaoferowania samochód nowy :</span></p>
<p>&nbsp;</p>
<p dir="ltr"><strong><strong style="white-space: pre-wrap">Mazda 2 Hybrid 1.5 116KM Automat Centre-Line</strong></strong></p>
<p>&nbsp;</p>
<p dir="ltr"><span style="white-space: pre-wrap">w kolorze: </span><strong><strong style="white-space: pre-wrap">Machine Gray</strong></strong></p>
<p>&nbsp;</p>
<p dir="ltr"><span style="white-space: pre-wrap">Samochód z polskiego salonu, pierwszy właściciel, bezwypadkowy, dostępny od ręki. Rok produkcji 2024, przebieg: 5 620 km. Auto regularnie serwisowane, pełna dokumentacja. 5 lat gwarancji producenta do 2030 lub 150 000 km. Opony zimowe w cenie!</span></p>
<p>&nbsp;</p>
<p dir="ltr"><strong><strong style="white-space: pre-wrap">Wyposażenie m.in.:</strong></strong></p>
<p><strong>B E Z P I E C Z E Ń S T W O  i  T E C H N O L O G I E</strong></p>
<p>• Przednie i boczne poduszki powietrzne kierowcy i pasażera<br />
• Kurtyny powietrzne<br />
• Centralne poduszki powietrzne pomiędzy kierowcą a pasażerem<br />
• Immobilizer fabryczny<br />
• Wspomaganie ruszania na wzniesieniu (HLA)<br />
• Układ ostrzegania o niezamierzonej zmianie pasa ruchu z asystentem<br />
utrzymania pasa ruchu<br />
• System rozpoznawania znaków drogowych (TSR)<br />
• Wspomaganie hamowania z systemem wykrywania pieszych i rowerzystów<br />
• Wspomaganie kierownicy w razie ryzyka zderzenia<br />
• Układ zapobiegania kolizjom na skrzyżowaniach<br />
• System wykrywania zmęczenia kierowcy (DAA)<br />
• System automatycznego powiadamiania ratunkowego (eCall)<br />
• System monitorujący ciśnienie w oponach (TPMS)<br />
• Tempomat adaptacyjny<br />
• Automatyczne światła drogowe (high beam control)<br />
• Kamera cofania</p>
<p>&nbsp;</p>
<p><strong>K O M F O R T</strong><br />
• Tapicerka materiałowa Medium<br />
• Manualna regulacja wysokości fotela kierowcy<br />
• Podgrzewane przednie fotele<br />
• Klimatyzacja automatyczna jednostrefowa<br />
• Centralny podłokietnik<br />
• Wyświetlacz centralny 9&#8243;<br />
• Centralny zamek otwierany pilotem<br />
• Elektrycznie regulowane szyby z funkcją AUTO<br />
• Czujnik deszczu<br />
• Skórzana kierownica<br />
• Skórzany drążek zmiany biegów<br />
• Podsufitka w kolorze szarym<br />
• Tryb wyboru jazdy (ECO / POWER)<br />
• Wskaźnik układu hybrydowego<br />
• Tryb EV</p>
<p>&nbsp;</p>
<p><strong>M U L T I M E D I A</strong><br />
• 6 głośników<br />
• Port USB-C<br />
• Zestaw głośnomówiący Bluetooth<br />
• Radio cyfrowe DAB<br />
• Interfejs bezprzewodowy Apple Carplay<br />
• Interfejs bezprzewodowy Android Auto<br />
• Gniazdo 12V</p>
<p>&nbsp;</p>
<p><strong>E L E M E N T Y  Z E W N Ę T R Z N E</strong><br />
• Obręcze aluminiowe 15&#8243; (opony 185/65)<br />
• Reflektory przednie halogenowe<br />
• Tylne lampy LED<br />
• Tylne kierunkowskazy halogenowe<br />
• Tylny spojler<br />
• Lusterka boczne regulowane elektrycznie<br />
• Lusterka boczne podgrzewane<br />
• Lusterka boczne w kolorze czarnym</p>
<p>&nbsp;</p>
<p dir="ltr"><span style="white-space: pre-wrap">Auto do obejrzenia w salonie Mazdy Auto-Gazda w Kielcach.</span></p>
<p>&nbsp;</p>
<p dir="ltr"><span style="white-space: pre-wrap">Wszystkie informacje zawarte w tym ogłoszeniu należy potwierdzić u sprzedawcy.</span></p>
<p>&nbsp;</p>
<p dir="ltr"><span style="white-space: pre-wrap"><strong>Dodatkowo zawarte już w cenie pojazdu:</strong> </span></p>
<p dir="ltr"><span style="white-space: pre-wrap">Opony Zimowe </span></p>
<p dir="ltr"><span style="white-space: pre-wrap">Nakrętki antykradzieżowe kół </span></p>
<p dir="ltr"><span style="white-space: pre-wrap">Mata Bagażnika </span></p>
<p dir="ltr">
<p dir="ltr"><span style="white-space: pre-wrap">Skontaktuj się z naszymi doradcami: </span></p>
<p dir="ltr">
<p dir="ltr"><strong><strong style="white-space: pre-wrap">Karol Kawiński</strong></strong></p>
<p dir="ltr">
<p dir="ltr"><span style="white-space: pre-wrap">kom: +48 739272288 </span></p>
<p dir="ltr"><span style="white-space: pre-wrap">e-mail: karol.kawinski@mazda.auto-gazda.pl</span></p>
<p dir="ltr">
<p dir="ltr"><strong><strong style="white-space: pre-wrap">Katarzyna Brzezińska</strong></strong></p>
<p>&nbsp;</p>
<p dir="ltr"><span style="white-space: pre-wrap">kom: +48 739272175 </span></p>
<p dir="ltr"><span style="white-space: pre-wrap">e-mail: katarzyna.brzezinska@mazda.auto-gazda.pl</span></p>
<p>&nbsp;</p>
<p dir="ltr"><strong><strong style="white-space: pre-wrap">Jakub Banachowski</strong></strong></p>
<p dir="ltr">
<p dir="ltr"><span style="white-space: pre-wrap">kom: +48 739272253 </span></p>
<p dir="ltr"><span style="white-space: pre-wrap">e-mail: jakub.banachowski@mazda.auto-gazda.pl</span></p>

<p>Autoryzowany Dealer Mazda Auto-Gazda Kielce ma do zaoferowania samochód nowy : &nbsp; Mazda 2 Hybrid 1.5 116KM Automat Centre-Line &nbsp; w kolorze: Machine Gray &nbsp; Samochód z polskiego salonu, pierwszy właściciel, bezwypadkowy, dostępny od ręki. Rok produkcji 2024, przebieg: 5 620 km. Auto regularnie serwisowane, pełna dokumentacja. 5 lat gwarancji producenta do 2030 lub 150 [&hellip;]</p>
