{"id":5585,"date":"2026-04-29T17:18:21","date_gmt":"2026-04-29T15:18:21","guid":{"rendered":"https:\/\/www.auto-gazda.pl\/mazda\/?post_type=samochody&#038;p=5585"},"modified":"2026-04-29T17:18:21","modified_gmt":"2026-04-29T15:18:21","slug":"2025-mazda-cx-30-2-0l-e-skyactiv-x-186-km-6at-fwd-exclusive-line","status":"publish","type":"samochody","link":"https:\/\/www.auto-gazda.pl\/mazda\/samochody\/2025-mazda-cx-30-2-0l-e-skyactiv-x-186-km-6at-fwd-exclusive-line\/","title":{"rendered":"2025 Mazda CX-30 2.0L e-SKYACTIV X 186 KM 6AT FWD Exclusive-line"},"content":{"rendered":"<p dir=\"ltr\"><span style=\"white-space: pre-wrap\">Autoryzowany Dealer Mazda Auto-Gazda Kielce ma do zaoferowania samoch\u00f3d u\u017cywany :<\/span><\/p>\n<p>&nbsp;<\/p>\n<p dir=\"ltr\"><strong><strong style=\"white-space: pre-wrap\">2025 Mazda CX-30 2.0L e-SKYACTIV X 186 KM 6AT FWD Exclusive-line<\/strong><\/strong><\/p>\n<p>&nbsp;<\/p>\n<p dir=\"ltr\"><span style=\"white-space: pre-wrap\">w kolorze <\/span><strong><strong style=\"white-space: pre-wrap\">Soul Red Crystal<\/strong><\/strong><\/p>\n<p>&nbsp;<\/p>\n<p dir=\"ltr\"><span style=\"white-space: pre-wrap\">Samoch\u00f3d demonstracyjny dealera, niski przebieg, <\/span><strong><strong style=\"white-space: pre-wrap\">fabryczna gwarancja Mazdy do 3\/10\/2030<\/strong><\/strong><\/p>\n<p>&nbsp;<\/p>\n<p dir=\"ltr\"><span style=\"white-space: pre-wrap\">Dodatkowe wyposa\u017cenie zawarte w cenie pojazdu:<\/span><\/p>\n<p>&nbsp;<\/p>\n<ul>\n<li dir=\"ltr\" value=\"1\"><strong><strong style=\"white-space: pre-wrap\">Opony Zimowe<\/strong><\/strong><\/li>\n<li dir=\"ltr\" value=\"2\"><strong><strong style=\"white-space: pre-wrap\">Pod\u015bwietlane nak\u0142adki prog\u00f3w<\/strong><\/strong><\/li>\n<li dir=\"ltr\" value=\"3\"><strong><strong style=\"white-space: pre-wrap\">Wideorejestrator Garmin<\/strong><\/strong><\/li>\n<li dir=\"ltr\" value=\"4\"><strong><strong style=\"white-space: pre-wrap\">Projektory loga Mazdy w Drzwiach<\/strong><\/strong><\/li>\n<li dir=\"ltr\" value=\"5\"><strong><strong style=\"white-space: pre-wrap\">Mata baga\u017cnika<\/strong><\/strong><\/li>\n<li dir=\"ltr\" value=\"6\"><strong><strong style=\"white-space: pre-wrap\">Dywaniki welurowe Luxury<\/strong><\/strong><\/li>\n<li dir=\"ltr\" value=\"7\"><strong><strong style=\"white-space: pre-wrap\">Ozdobna Listwa Baga\u017cnika<\/strong><\/strong><\/li>\n<\/ul>\n<p>&nbsp;<\/p>\n<p dir=\"ltr\"><span style=\"white-space: pre-wrap\">Mo\u017cliwo\u015b\u0107 finansowania &#8211; sprzeda\u017c na pe\u0142n\u0105 faktur\u0119 VAT 23%<\/span><\/p>\n<p>&nbsp;<\/p>\n<p dir=\"ltr\"><span style=\"white-space: pre-wrap\">Samoch\u00f3d w stanie idealnym.<\/span><\/p>\n<p>&nbsp;<\/p>\n<p>&nbsp;<\/p>\n<p>&nbsp;<\/p>\n<p dir=\"ltr\"><span style=\"white-space: pre-wrap\">B E Z P I E C Z E \u0143 S T W O<\/span><\/p>\n<p>&nbsp;<\/p>\n<p dir=\"ltr\"><span style=\"white-space: pre-wrap\">System dynamicznej stabilizacji toru jazdy (DSC)<\/span><\/p>\n<p dir=\"ltr\"><span style=\"white-space: pre-wrap\">Zaawansowany system zwi\u0119kszania przyczepno\u015bci pojazdu (G-Vectoring Control+)<\/span><\/p>\n<p dir=\"ltr\"><span style=\"white-space: pre-wrap\">Przednie i boczne poduszki powietrzne + kurtyny powietrzne + poduszka kolanowa dla kierowcy<\/span><\/p>\n<p dir=\"ltr\"><span style=\"white-space: pre-wrap\">System monitorowania martwego pola (BSM)<\/span><\/p>\n<p dir=\"ltr\"><span style=\"white-space: pre-wrap\">System wykrywaj\u0105cy znu\u017cenie kierowcy (Driver Alert)<\/span><\/p>\n<p dir=\"ltr\"><span style=\"white-space: pre-wrap\">Adaptacyjny uk\u0142ad utrzymywania sta\u0142ej pr\u0119dko\u015bci (aktywny tempomat &#8211; MRCC + ISA)<\/span><\/p>\n<p dir=\"ltr\"><span style=\"white-space: pre-wrap\">Czujniki parkowania tylne<\/span><\/p>\n<p dir=\"ltr\"><span style=\"white-space: pre-wrap\">Czujniki parkowania przednie<\/span><\/p>\n<p dir=\"ltr\"><span style=\"white-space: pre-wrap\">System kamer 360<\/span><\/p>\n<p dir=\"ltr\"><span style=\"white-space: pre-wrap\">Alarm antyw\u0142amaniowy<\/span><\/p>\n<p>&nbsp;<\/p>\n<p dir=\"ltr\"><span style=\"white-space: pre-wrap\">K O M F O R T<\/span><\/p>\n<p>&nbsp;<\/p>\n<p dir=\"ltr\"><span style=\"white-space: pre-wrap\">Klimatyzacja automatyczna (dwustrefowa)<\/span><\/p>\n<p dir=\"ltr\"><span style=\"white-space: pre-wrap\">Podgrzewane fotele przednie<\/span><\/p>\n<p dir=\"ltr\"><span style=\"white-space: pre-wrap\">Tapicerka materia\u0142owa w kolorze czarnym<\/span><\/p>\n<p dir=\"ltr\"><span style=\"white-space: pre-wrap\">Be\u017cowa podsufitka<\/span><\/p>\n<p>&nbsp;<\/p>\n<p dir=\"ltr\"><span style=\"white-space: pre-wrap\">M U L T I M E D I A<\/span><\/p>\n<p>&nbsp;<\/p>\n<p dir=\"ltr\"><span style=\"white-space: pre-wrap\">Multimedialny system rozrywki i \u0142\u0105czno\u015bci Mazda Connect (z ekranem 10,25&#8243;)<\/span><\/p>\n<p dir=\"ltr\"><span style=\"white-space: pre-wrap\">Kolorowy wy\u015bwietlacz head-up na przedniej szybie<\/span><\/p>\n<p dir=\"ltr\"><span style=\"white-space: pre-wrap\">Cyfrowe zegary (7&#8243;)<\/span><\/p>\n<p dir=\"ltr\"><span style=\"white-space: pre-wrap\">Zestaw g\u0142o\u015bnom\u00f3wi\u0105cy Bluetooth\u00ae<\/span><\/p>\n<p dir=\"ltr\"><span style=\"white-space: pre-wrap\">Apple CarPlay\u00ae i Android Auto\u00ae (r\u00f3wnie\u017c z obs\u0142uga bezprzewodow\u0105)<\/span><\/p>\n<p dir=\"ltr\"><span style=\"white-space: pre-wrap\">\u0141adowarka indukcyjna (Qi)<\/span><\/p>\n<p>&nbsp;<\/p>\n<p dir=\"ltr\"><span style=\"white-space: pre-wrap\">D E S I G N<\/span><\/p>\n<p>&nbsp;<\/p>\n<p dir=\"ltr\"><span style=\"white-space: pre-wrap\">Felgi aluminiowe 18&#8243; z oponami 215\/55<\/span><\/p>\n<p dir=\"ltr\"><span style=\"white-space: pre-wrap\">Przednie matrycowe reflektory diodowe (LED) z systemem o\u015bwietlenia adaptacyjnego (ALH)<\/span><\/p>\n<p dir=\"ltr\"><span style=\"white-space: pre-wrap\">Lusterka boczne podgrzewane, sterowane i sk\u0142adane elektrycznie<\/span><\/p>\n<p dir=\"ltr\"><span style=\"white-space: pre-wrap\">Lusterko boczne elektrochromatyczne (po stronie kierowcy)<\/span><\/p>\n<p>&nbsp;<\/p>\n<p>&nbsp;<\/p>\n<p>Auto do obejrzenia w salonie Mazdy Auto-Gazda w Kielcach.<\/p>\n<p>&nbsp;<\/p>\n<p>Wszystkie informacje zawarte w tym og\u0142oszeniu nale\u017cy potwierdzi\u0107 u sprzedawcy.<\/p>\n<p>&nbsp;<\/p>\n<p>Karol Kawi\u0144ski<\/p>\n<p>&nbsp;<\/p>\n<p>kom: <a class=\"text-foreground-action-primary\" href=\"tel:+48 739272288\" data-testid=\"phone-call\">+48 739272288<\/a><\/p>\n<p>&nbsp;<\/p>\n<p>e-mail: karol.kawinski@mazda.auto-gazda.pl<\/p>\n<p>&nbsp;<\/p>\n<p>Katarzyna Brzezi\u0144ska<\/p>\n<p>&nbsp;<\/p>\n<p>kom: <a class=\"text-foreground-action-primary\" href=\"tel:+48 739272175\" data-testid=\"phone-call\">+48 739272175<\/a><\/p>\n<p>&nbsp;<\/p>\n<p>e-mail: katarzyna.brzezinska@mazda.auto-gazda.pl<\/p>\n<p>&nbsp;<\/p>\n<p>Jakub Banachowski<\/p>\n<p>&nbsp;<\/p>\n<p>kom: <a class=\"text-foreground-action-primary\" href=\"tel:+48 739272253\" data-testid=\"phone-call\">+48 739272253<\/a><\/p>\n<p>&nbsp;<\/p>\n<p>e-mail: jakub.banachowski@mazda.auto-gazda.pl<\/p>\n<p>&nbsp;<\/p>\n","protected":false},"excerpt":{"rendered":"<p>Autoryzowany Dealer Mazda Auto-Gazda Kielce ma do zaoferowania samoch\u00f3d u\u017cywany : &nbsp; 2025 Mazda CX-30 2.0L e-SKYACTIV X 186 KM 6AT FWD Exclusive-line &nbsp; w kolorze Soul Red Crystal &nbsp; Samoch\u00f3d demonstracyjny dealera, niski przebieg, fabryczna gwarancja Mazdy do 3\/10\/2030 &nbsp; Dodatkowe wyposa\u017cenie zawarte w cenie pojazdu: &nbsp; Opony Zimowe Pod\u015bwietlane nak\u0142adki prog\u00f3w Wideorejestrator Garmin [&hellip;]<\/p>\n","protected":false},"author":65,"featured_media":5586,"template":"","marki":[13],"modele":[36],"stany":[31],"rodzaje-paliwa":[7],"skrzynie-biegow":[6],"napedy":[22],"lokalizacje":[47],"class_list":["post-5585","samochody","type-samochody","status-publish","has-post-thumbnail","hentry","marki-mazda","modele-cx-30","stany-uzywany","rodzaje_paliwa-benzyna","skrzynie_biegow-automatyczna","napedy-na-tylne-kola","lokalizacje-kielce"],"acf":[],"_links":{"self":[{"href":"https:\/\/www.auto-gazda.pl\/mazda\/wp-json\/wp\/v2\/samochody\/5585","targetHints":{"allow":["GET"]}}],"collection":[{"href":"https:\/\/www.auto-gazda.pl\/mazda\/wp-json\/wp\/v2\/samochody"}],"about":[{"href":"https:\/\/www.auto-gazda.pl\/mazda\/wp-json\/wp\/v2\/types\/samochody"}],"author":[{"embeddable":true,"href":"https:\/\/www.auto-gazda.pl\/mazda\/wp-json\/wp\/v2\/users\/65"}],"wp:featuredmedia":[{"embeddable":true,"href":"https:\/\/www.auto-gazda.pl\/mazda\/wp-json\/wp\/v2\/media\/5586"}],"wp:attachment":[{"href":"https:\/\/www.auto-gazda.pl\/mazda\/wp-json\/wp\/v2\/media?parent=5585"}],"wp:term":[{"taxonomy":"marki","embeddable":true,"href":"https:\/\/www.auto-gazda.pl\/mazda\/wp-json\/wp\/v2\/marki?post=5585"},{"taxonomy":"modele","embeddable":true,"href":"https:\/\/www.auto-gazda.pl\/mazda\/wp-json\/wp\/v2\/modele?post=5585"},{"taxonomy":"stany","embeddable":true,"href":"https:\/\/www.auto-gazda.pl\/mazda\/wp-json\/wp\/v2\/stany?post=5585"},{"taxonomy":"rodzaje_paliwa","embeddable":true,"href":"https:\/\/www.auto-gazda.pl\/mazda\/wp-json\/wp\/v2\/rodzaje-paliwa?post=5585"},{"taxonomy":"skrzynie_biegow","embeddable":true,"href":"https:\/\/www.auto-gazda.pl\/mazda\/wp-json\/wp\/v2\/skrzynie-biegow?post=5585"},{"taxonomy":"napedy","embeddable":true,"href":"https:\/\/www.auto-gazda.pl\/mazda\/wp-json\/wp\/v2\/napedy?post=5585"},{"taxonomy":"lokalizacje","embeddable":true,"href":"https:\/\/www.auto-gazda.pl\/mazda\/wp-json\/wp\/v2\/lokalizacje?post=5585"}],"curies":[{"name":"wp","href":"https:\/\/api.w.org\/{rel}","templated":true}]}}

<p dir="ltr"><span style="white-space: pre-wrap">Autoryzowany Dealer Mazda Auto-Gazda Kielce ma do zaoferowania samochód używany :</span></p>
<p>&nbsp;</p>
<p dir="ltr"><strong><strong style="white-space: pre-wrap">2025 Mazda CX-30 2.0L e-SKYACTIV X 186 KM 6AT FWD Exclusive-line</strong></strong></p>
<p>&nbsp;</p>
<p dir="ltr"><span style="white-space: pre-wrap">w kolorze </span><strong><strong style="white-space: pre-wrap">Soul Red Crystal</strong></strong></p>
<p>&nbsp;</p>
<p dir="ltr"><span style="white-space: pre-wrap">Samochód demonstracyjny dealera, niski przebieg, </span><strong><strong style="white-space: pre-wrap">fabryczna gwarancja Mazdy do 3/10/2030</strong></strong></p>
<p>&nbsp;</p>
<p dir="ltr"><span style="white-space: pre-wrap">Dodatkowe wyposażenie zawarte w cenie pojazdu:</span></p>
<p>&nbsp;</p>
<ul>
<li dir="ltr" value="1"><strong><strong style="white-space: pre-wrap">Opony Zimowe</strong></strong></li>
<li dir="ltr" value="2"><strong><strong style="white-space: pre-wrap">Podświetlane nakładki progów</strong></strong></li>
<li dir="ltr" value="3"><strong><strong style="white-space: pre-wrap">Wideorejestrator Garmin</strong></strong></li>
<li dir="ltr" value="4"><strong><strong style="white-space: pre-wrap">Projektory loga Mazdy w Drzwiach</strong></strong></li>
<li dir="ltr" value="5"><strong><strong style="white-space: pre-wrap">Mata bagażnika</strong></strong></li>
<li dir="ltr" value="6"><strong><strong style="white-space: pre-wrap">Dywaniki welurowe Luxury</strong></strong></li>
<li dir="ltr" value="7"><strong><strong style="white-space: pre-wrap">Ozdobna Listwa Bagażnika</strong></strong></li>
</ul>
<p>&nbsp;</p>
<p dir="ltr"><span style="white-space: pre-wrap">Możliwość finansowania &#8211; sprzedaż na pełną fakturę VAT 23%</span></p>
<p>&nbsp;</p>
<p dir="ltr"><span style="white-space: pre-wrap">Samochód w stanie idealnym.</span></p>
<p>&nbsp;</p>
<p>&nbsp;</p>
<p>&nbsp;</p>
<p dir="ltr"><span style="white-space: pre-wrap">B E Z P I E C Z E Ń S T W O</span></p>
<p>&nbsp;</p>
<p dir="ltr"><span style="white-space: pre-wrap">System dynamicznej stabilizacji toru jazdy (DSC)</span></p>
<p dir="ltr"><span style="white-space: pre-wrap">Zaawansowany system zwiększania przyczepności pojazdu (G-Vectoring Control+)</span></p>
<p dir="ltr"><span style="white-space: pre-wrap">Przednie i boczne poduszki powietrzne + kurtyny powietrzne + poduszka kolanowa dla kierowcy</span></p>
<p dir="ltr"><span style="white-space: pre-wrap">System monitorowania martwego pola (BSM)</span></p>
<p dir="ltr"><span style="white-space: pre-wrap">System wykrywający znużenie kierowcy (Driver Alert)</span></p>
<p dir="ltr"><span style="white-space: pre-wrap">Adaptacyjny układ utrzymywania stałej prędkości (aktywny tempomat &#8211; MRCC + ISA)</span></p>
<p dir="ltr"><span style="white-space: pre-wrap">Czujniki parkowania tylne</span></p>
<p dir="ltr"><span style="white-space: pre-wrap">Czujniki parkowania przednie</span></p>
<p dir="ltr"><span style="white-space: pre-wrap">System kamer 360</span></p>
<p dir="ltr"><span style="white-space: pre-wrap">Alarm antywłamaniowy</span></p>
<p>&nbsp;</p>
<p dir="ltr"><span style="white-space: pre-wrap">K O M F O R T</span></p>
<p>&nbsp;</p>
<p dir="ltr"><span style="white-space: pre-wrap">Klimatyzacja automatyczna (dwustrefowa)</span></p>
<p dir="ltr"><span style="white-space: pre-wrap">Podgrzewane fotele przednie</span></p>
<p dir="ltr"><span style="white-space: pre-wrap">Tapicerka materiałowa w kolorze czarnym</span></p>
<p dir="ltr"><span style="white-space: pre-wrap">Beżowa podsufitka</span></p>
<p>&nbsp;</p>
<p dir="ltr"><span style="white-space: pre-wrap">M U L T I M E D I A</span></p>
<p>&nbsp;</p>
<p dir="ltr"><span style="white-space: pre-wrap">Multimedialny system rozrywki i łączności Mazda Connect (z ekranem 10,25&#8243;)</span></p>
<p dir="ltr"><span style="white-space: pre-wrap">Kolorowy wyświetlacz head-up na przedniej szybie</span></p>
<p dir="ltr"><span style="white-space: pre-wrap">Cyfrowe zegary (7&#8243;)</span></p>
<p dir="ltr"><span style="white-space: pre-wrap">Zestaw głośnomówiący Bluetooth®</span></p>
<p dir="ltr"><span style="white-space: pre-wrap">Apple CarPlay® i Android Auto® (również z obsługa bezprzewodową)</span></p>
<p dir="ltr"><span style="white-space: pre-wrap">Ładowarka indukcyjna (Qi)</span></p>
<p>&nbsp;</p>
<p dir="ltr"><span style="white-space: pre-wrap">D E S I G N</span></p>
<p>&nbsp;</p>
<p dir="ltr"><span style="white-space: pre-wrap">Felgi aluminiowe 18&#8243; z oponami 215/55</span></p>
<p dir="ltr"><span style="white-space: pre-wrap">Przednie matrycowe reflektory diodowe (LED) z systemem oświetlenia adaptacyjnego (ALH)</span></p>
<p dir="ltr"><span style="white-space: pre-wrap">Lusterka boczne podgrzewane, sterowane i składane elektrycznie</span></p>
<p dir="ltr"><span style="white-space: pre-wrap">Lusterko boczne elektrochromatyczne (po stronie kierowcy)</span></p>
<p>&nbsp;</p>
<p>&nbsp;</p>
<p>Auto do obejrzenia w salonie Mazdy Auto-Gazda w Kielcach.</p>
<p>&nbsp;</p>
<p>Wszystkie informacje zawarte w tym ogłoszeniu należy potwierdzić u sprzedawcy.</p>
<p>&nbsp;</p>
<p>Karol Kawiński</p>
<p>&nbsp;</p>
<p>kom: <a class="text-foreground-action-primary" href="tel:+48 739272288" data-testid="phone-call">+48 739272288</a></p>
<p>&nbsp;</p>
<p>e-mail: karol.kawinski@mazda.auto-gazda.pl</p>
<p>&nbsp;</p>
<p>Katarzyna Brzezińska</p>
<p>&nbsp;</p>
<p>kom: <a class="text-foreground-action-primary" href="tel:+48 739272175" data-testid="phone-call">+48 739272175</a></p>
<p>&nbsp;</p>
<p>e-mail: katarzyna.brzezinska@mazda.auto-gazda.pl</p>
<p>&nbsp;</p>
<p>Jakub Banachowski</p>
<p>&nbsp;</p>
<p>kom: <a class="text-foreground-action-primary" href="tel:+48 739272253" data-testid="phone-call">+48 739272253</a></p>
<p>&nbsp;</p>
<p>e-mail: jakub.banachowski@mazda.auto-gazda.pl</p>
<p>&nbsp;</p>

<p>Autoryzowany Dealer Mazda Auto-Gazda Kielce ma do zaoferowania samochód używany : &nbsp; 2025 Mazda CX-30 2.0L e-SKYACTIV X 186 KM 6AT FWD Exclusive-line &nbsp; w kolorze Soul Red Crystal &nbsp; Samochód demonstracyjny dealera, niski przebieg, fabryczna gwarancja Mazdy do 3/10/2030 &nbsp; Dodatkowe wyposażenie zawarte w cenie pojazdu: &nbsp; Opony Zimowe Podświetlane nakładki progów Wideorejestrator Garmin [&hellip;]</p>
