{"id":5561,"date":"2026-04-29T17:02:24","date_gmt":"2026-04-29T15:02:24","guid":{"rendered":"https:\/\/www.auto-gazda.pl\/mazda\/?post_type=samochody&#038;p=5561"},"modified":"2026-04-29T17:02:24","modified_gmt":"2026-04-29T15:02:24","slug":"mazda2-hybrid-2024-5hb-1-5l-hybrid-vvt-i-116-cvt-fwd-centre-line","status":"publish","type":"samochody","link":"https:\/\/www.auto-gazda.pl\/mazda\/samochody\/mazda2-hybrid-2024-5hb-1-5l-hybrid-vvt-i-116-cvt-fwd-centre-line\/","title":{"rendered":"Mazda2 Hybrid 2024 5HB 1.5L Hybrid VVT-i 116 CVT FWD Centre-line"},"content":{"rendered":"<p>Autoryzowany Dealer Mazda Auto-Gazda Kielce ma do zaoferowania samoch\u00f3d u\u017cywany :<\/p>\n<p>&nbsp;<\/p>\n<p><strong>Mazda2 Hybrid 2024 5HB 1.5L Hybrid VVT-i 116 CVT FWD Centre-line<\/strong><\/p>\n<p>&nbsp;<\/p>\n<p>w kolorze Formal Red<\/p>\n<p>&nbsp;<\/p>\n<p><strong>Samoch\u00f3d demonstracyjny dealera, niski przebieg, fabryczna gwarancja Mazdy do 2\/09\/2030<\/strong><\/p>\n<p>&nbsp;<\/p>\n<p>Mo\u017cliwo\u015b\u0107 finansowania &#8211; sprzeda\u017c na pe\u0142n\u0105 faktur\u0119 VAT 23%<\/p>\n<p>&nbsp;<\/p>\n<p><strong>Samoch\u00f3d w stanie idealnym, BEZWYPADKOWY!<\/strong><\/p>\n<p>&nbsp;<\/p>\n<p>Dodatkowo zawarte ju\u017c w cenie pojazdu:<\/p>\n<p>&nbsp;<\/p>\n<p>-Opony Zimowe<\/p>\n<p>-Nakr\u0119tki antykradzie\u017cowe k\u00f3\u0142<\/p>\n<p>-Mata Baga\u017cnika<\/p>\n<p>&nbsp;<\/p>\n<p>Skontaktuj si\u0119 z naszymi doradcami:<\/p>\n<p>&nbsp;<\/p>\n<p><strong>Karol Kawi\u0144ski<\/strong><\/p>\n<p>&nbsp;<\/p>\n<p>kom: <a class=\"text-foreground-action-primary\" href=\"tel:+48 739272288\" data-testid=\"phone-call\">+48 739272288<\/a><\/p>\n<p>&nbsp;<\/p>\n<p>e-mail: karol.kawinski@mazda.auto-gazda.pl<\/p>\n<p>&nbsp;<\/p>\n<p><strong>Katarzyna Brzezi\u0144ska<\/strong><\/p>\n<p>&nbsp;<\/p>\n<p>kom: <a class=\"text-foreground-action-primary\" href=\"tel:+48 739272175\" data-testid=\"phone-call\">+48 739272175<\/a><\/p>\n<p>&nbsp;<\/p>\n<p>e-mail: katarzyna.brzezinska@mazda.auto-gazda.pl<\/p>\n<p>&nbsp;<\/p>\n<p><strong>Jakub Banachowski<\/strong><\/p>\n<p>&nbsp;<\/p>\n<p>kom: <a class=\"text-foreground-action-primary\" href=\"tel:+48 739272253\" data-testid=\"phone-call\">+48 739272253<\/a><\/p>\n<p>&nbsp;<\/p>\n<p>e-mail: jakub.banachowski@mazda.auto-gazda.pl<\/p>\n<p>&nbsp;<\/p>\n","protected":false},"excerpt":{"rendered":"<p>Autoryzowany Dealer Mazda Auto-Gazda Kielce ma do zaoferowania samoch\u00f3d u\u017cywany : &nbsp; Mazda2 Hybrid 2024 5HB 1.5L Hybrid VVT-i 116 CVT FWD Centre-line &nbsp; w kolorze Formal Red &nbsp; Samoch\u00f3d demonstracyjny dealera, niski przebieg, fabryczna gwarancja Mazdy do 2\/09\/2030 &nbsp; Mo\u017cliwo\u015b\u0107 finansowania &#8211; sprzeda\u017c na pe\u0142n\u0105 faktur\u0119 VAT 23% &nbsp; Samoch\u00f3d w stanie idealnym, BEZWYPADKOWY! [&hellip;]<\/p>\n","protected":false},"author":65,"featured_media":5562,"template":"","marki":[13],"modele":[41],"stany":[31],"rodzaje-paliwa":[17],"skrzynie-biegow":[6],"napedy":[21],"lokalizacje":[47],"class_list":["post-5561","samochody","type-samochody","status-publish","has-post-thumbnail","hentry","marki-mazda","modele-2-hybrid","stany-uzywany","rodzaje_paliwa-hybryda","skrzynie_biegow-automatyczna","napedy-na-przednie-kola","lokalizacje-kielce"],"acf":[],"_links":{"self":[{"href":"https:\/\/www.auto-gazda.pl\/mazda\/wp-json\/wp\/v2\/samochody\/5561","targetHints":{"allow":["GET"]}}],"collection":[{"href":"https:\/\/www.auto-gazda.pl\/mazda\/wp-json\/wp\/v2\/samochody"}],"about":[{"href":"https:\/\/www.auto-gazda.pl\/mazda\/wp-json\/wp\/v2\/types\/samochody"}],"author":[{"embeddable":true,"href":"https:\/\/www.auto-gazda.pl\/mazda\/wp-json\/wp\/v2\/users\/65"}],"wp:featuredmedia":[{"embeddable":true,"href":"https:\/\/www.auto-gazda.pl\/mazda\/wp-json\/wp\/v2\/media\/5562"}],"wp:attachment":[{"href":"https:\/\/www.auto-gazda.pl\/mazda\/wp-json\/wp\/v2\/media?parent=5561"}],"wp:term":[{"taxonomy":"marki","embeddable":true,"href":"https:\/\/www.auto-gazda.pl\/mazda\/wp-json\/wp\/v2\/marki?post=5561"},{"taxonomy":"modele","embeddable":true,"href":"https:\/\/www.auto-gazda.pl\/mazda\/wp-json\/wp\/v2\/modele?post=5561"},{"taxonomy":"stany","embeddable":true,"href":"https:\/\/www.auto-gazda.pl\/mazda\/wp-json\/wp\/v2\/stany?post=5561"},{"taxonomy":"rodzaje_paliwa","embeddable":true,"href":"https:\/\/www.auto-gazda.pl\/mazda\/wp-json\/wp\/v2\/rodzaje-paliwa?post=5561"},{"taxonomy":"skrzynie_biegow","embeddable":true,"href":"https:\/\/www.auto-gazda.pl\/mazda\/wp-json\/wp\/v2\/skrzynie-biegow?post=5561"},{"taxonomy":"napedy","embeddable":true,"href":"https:\/\/www.auto-gazda.pl\/mazda\/wp-json\/wp\/v2\/napedy?post=5561"},{"taxonomy":"lokalizacje","embeddable":true,"href":"https:\/\/www.auto-gazda.pl\/mazda\/wp-json\/wp\/v2\/lokalizacje?post=5561"}],"curies":[{"name":"wp","href":"https:\/\/api.w.org\/{rel}","templated":true}]}}

<p>Autoryzowany Dealer Mazda Auto-Gazda Kielce ma do zaoferowania samochód używany :</p>
<p>&nbsp;</p>
<p><strong>Mazda2 Hybrid 2024 5HB 1.5L Hybrid VVT-i 116 CVT FWD Centre-line</strong></p>
<p>&nbsp;</p>
<p>w kolorze Formal Red</p>
<p>&nbsp;</p>
<p><strong>Samochód demonstracyjny dealera, niski przebieg, fabryczna gwarancja Mazdy do 2/09/2030</strong></p>
<p>&nbsp;</p>
<p>Możliwość finansowania &#8211; sprzedaż na pełną fakturę VAT 23%</p>
<p>&nbsp;</p>
<p><strong>Samochód w stanie idealnym, BEZWYPADKOWY!</strong></p>
<p>&nbsp;</p>
<p>Dodatkowo zawarte już w cenie pojazdu:</p>
<p>&nbsp;</p>
<p>-Opony Zimowe</p>
<p>-Nakrętki antykradzieżowe kół</p>
<p>-Mata Bagażnika</p>
<p>&nbsp;</p>
<p>Skontaktuj się z naszymi doradcami:</p>
<p>&nbsp;</p>
<p><strong>Karol Kawiński</strong></p>
<p>&nbsp;</p>
<p>kom: <a class="text-foreground-action-primary" href="tel:+48 739272288" data-testid="phone-call">+48 739272288</a></p>
<p>&nbsp;</p>
<p>e-mail: karol.kawinski@mazda.auto-gazda.pl</p>
<p>&nbsp;</p>
<p><strong>Katarzyna Brzezińska</strong></p>
<p>&nbsp;</p>
<p>kom: <a class="text-foreground-action-primary" href="tel:+48 739272175" data-testid="phone-call">+48 739272175</a></p>
<p>&nbsp;</p>
<p>e-mail: katarzyna.brzezinska@mazda.auto-gazda.pl</p>
<p>&nbsp;</p>
<p><strong>Jakub Banachowski</strong></p>
<p>&nbsp;</p>
<p>kom: <a class="text-foreground-action-primary" href="tel:+48 739272253" data-testid="phone-call">+48 739272253</a></p>
<p>&nbsp;</p>
<p>e-mail: jakub.banachowski@mazda.auto-gazda.pl</p>
<p>&nbsp;</p>

<p>Autoryzowany Dealer Mazda Auto-Gazda Kielce ma do zaoferowania samochód używany : &nbsp; Mazda2 Hybrid 2024 5HB 1.5L Hybrid VVT-i 116 CVT FWD Centre-line &nbsp; w kolorze Formal Red &nbsp; Samochód demonstracyjny dealera, niski przebieg, fabryczna gwarancja Mazdy do 2/09/2030 &nbsp; Możliwość finansowania &#8211; sprzedaż na pełną fakturę VAT 23% &nbsp; Samochód w stanie idealnym, BEZWYPADKOWY! [&hellip;]</p>
