{"id":7387,"date":"2024-08-13T14:51:39","date_gmt":"2024-08-13T12:51:39","guid":{"rendered":"https:\/\/www.auto-gazda.pl\/citroen\/?post_type=samochody&#038;p=7387"},"modified":"2025-03-05T12:32:43","modified_gmt":"2025-03-05T11:32:43","slug":"citroen-c4-plus-1-2-pt-130km-eat8","status":"publish","type":"samochody","link":"https:\/\/www.auto-gazda.pl\/citroen\/samochody\/citroen-c4-plus-1-2-pt-130km-eat8\/","title":{"rendered":"Citroen C4 PLUS 1.2 PT  130KM EAT8"},"content":{"rendered":"<p>Wyposa\u017cenie dodatkowe zawarte w cenie:<\/p>\n<p>1. PODGRZEWANA SZYBA PRZEDNIA, KIEROWNICA I FOTELE PRZEDNIE<\/p>\n<p>2. Lakier metalizowany Noir Perla Nera<\/p>\n<p>Wyposa\u017cenie wersja PLUS min:<\/p>\n<p>Kamera cofania + tylne czujniki parkowania<\/p>\n<p>Klimatyzacja automatyczna dwustrefowa<\/p>\n<p>Szyby tylne przyciemniane<\/p>\n<p>Kanapa tylna z otworem na narty, pod\u0142okietnikiem i uchwytami na kubki<\/p>\n<p>Hamulec postojowy elektryczny<\/p>\n<p>Szyby barwione<\/p>\n<p>Lusterka boczne sterowane elektrycznie i podgrzewane<\/p>\n<p>Fotel kierowcy z regulacj\u0105 l\u0119d\u017awiow\u0105<\/p>\n<p>System audio<\/p>\n<p>\u015awiat\u0142a do jazdy dziennej LED z sygnatur\u0105 V<\/p>\n<p>My Citro\u00ebn Play<\/p>\n<p>Dwupoziomowa podloga bagaznika<\/p>\n<p>Zestaw naprawczy<\/p>\n<p>Cyfrowa deska rozdzielcza na ekranie 5,5&#8243; TFT z AmbiLight<\/p>\n<p>Reflektory przeciwmg\u0142owe LED z funkcj\u0105 do\u015bwietlania zakr\u0119t\u00f3w<\/p>\n<p>Czujnik deszczu<\/p>\n<p>Obr\u0119cze aluminiowe 18&#8221; czarne Noir Onyx AEROBLADE<\/p>\n<p>Mo\u017cliwo\u015b\u0107 zakupu w systemie ratalnym: 50\/50, 60\/40 lub tradycyjny kredyt konsumencki albo leasing<\/p>\n<p>Przyjmujemy w rozliczeniu samochody wszystkich marek<\/p>\n<p>Mo\u017cliwo\u015b\u0107 ubezpieczenia auta na miejscu.Promocyjne pakiety ubezpieczenia<\/p>\n<p>Samoch\u00f3d do obejrzenia w Salonie w Katowicach Al. Ro\u017adzie\u0144skiego 170<\/p>\n<p>Salon czynny od pon. \u2013 pt. w godzinach 9:00 \u2013 18:00, sobota 9:00-14:00<\/p>\n<p><span class=\"ooa-1kxpgnj\" data-testid=\"invisibleSpan\">\u00a0<\/span><\/p>\n","protected":false},"excerpt":{"rendered":"<p>Wyposa\u017cenie dodatkowe zawarte w cenie: 1. PODGRZEWANA SZYBA PRZEDNIA, KIEROWNICA I FOTELE PRZEDNIE 2. Lakier metalizowany Noir Perla Nera Wyposa\u017cenie wersja PLUS min: Kamera cofania + tylne czujniki parkowania Klimatyzacja automatyczna dwustrefowa Szyby tylne przyciemniane Kanapa tylna z otworem na narty, pod\u0142okietnikiem i uchwytami na kubki Hamulec postojowy elektryczny Szyby barwione Lusterka boczne sterowane elektrycznie [&hellip;]<\/p>\n","protected":false},"author":72,"featured_media":7390,"template":"","marki":[22],"modele":[13],"stany":[23],"rodzaje-paliwa":[25],"skrzynie-biegow":[33],"napedy":[39],"lokalizacje":[42],"class_list":["post-7387","samochody","type-samochody","status-publish","has-post-thumbnail","hentry","marki-citroen","modele-c4","stany-nowy","rodzaje_paliwa-benzyna","skrzynie_biegow-automatyczna","napedy-na-przednie-kola","lokalizacje-katowice"],"acf":[],"_links":{"self":[{"href":"https:\/\/www.auto-gazda.pl\/citroen\/wp-json\/wp\/v2\/samochody\/7387","targetHints":{"allow":["GET"]}}],"collection":[{"href":"https:\/\/www.auto-gazda.pl\/citroen\/wp-json\/wp\/v2\/samochody"}],"about":[{"href":"https:\/\/www.auto-gazda.pl\/citroen\/wp-json\/wp\/v2\/types\/samochody"}],"author":[{"embeddable":true,"href":"https:\/\/www.auto-gazda.pl\/citroen\/wp-json\/wp\/v2\/users\/72"}],"wp:featuredmedia":[{"embeddable":true,"href":"https:\/\/www.auto-gazda.pl\/citroen\/wp-json\/wp\/v2\/media\/7390"}],"wp:attachment":[{"href":"https:\/\/www.auto-gazda.pl\/citroen\/wp-json\/wp\/v2\/media?parent=7387"}],"wp:term":[{"taxonomy":"marki","embeddable":true,"href":"https:\/\/www.auto-gazda.pl\/citroen\/wp-json\/wp\/v2\/marki?post=7387"},{"taxonomy":"modele","embeddable":true,"href":"https:\/\/www.auto-gazda.pl\/citroen\/wp-json\/wp\/v2\/modele?post=7387"},{"taxonomy":"stany","embeddable":true,"href":"https:\/\/www.auto-gazda.pl\/citroen\/wp-json\/wp\/v2\/stany?post=7387"},{"taxonomy":"rodzaje_paliwa","embeddable":true,"href":"https:\/\/www.auto-gazda.pl\/citroen\/wp-json\/wp\/v2\/rodzaje-paliwa?post=7387"},{"taxonomy":"skrzynie_biegow","embeddable":true,"href":"https:\/\/www.auto-gazda.pl\/citroen\/wp-json\/wp\/v2\/skrzynie-biegow?post=7387"},{"taxonomy":"napedy","embeddable":true,"href":"https:\/\/www.auto-gazda.pl\/citroen\/wp-json\/wp\/v2\/napedy?post=7387"},{"taxonomy":"lokalizacje","embeddable":true,"href":"https:\/\/www.auto-gazda.pl\/citroen\/wp-json\/wp\/v2\/lokalizacje?post=7387"}],"curies":[{"name":"wp","href":"https:\/\/api.w.org\/{rel}","templated":true}]}}

<p>Wyposażenie dodatkowe zawarte w cenie:</p>
<p>1. PODGRZEWANA SZYBA PRZEDNIA, KIEROWNICA I FOTELE PRZEDNIE</p>
<p>2. Lakier metalizowany Noir Perla Nera</p>
<p>Wyposażenie wersja PLUS min:</p>
<p>Kamera cofania + tylne czujniki parkowania</p>
<p>Klimatyzacja automatyczna dwustrefowa</p>
<p>Szyby tylne przyciemniane</p>
<p>Kanapa tylna z otworem na narty, podłokietnikiem i uchwytami na kubki</p>
<p>Hamulec postojowy elektryczny</p>
<p>Szyby barwione</p>
<p>Lusterka boczne sterowane elektrycznie i podgrzewane</p>
<p>Fotel kierowcy z regulacją lędźwiową</p>
<p>System audio</p>
<p>Światła do jazdy dziennej LED z sygnaturą V</p>
<p>My Citroën Play</p>
<p>Dwupoziomowa podloga bagaznika</p>
<p>Zestaw naprawczy</p>
<p>Cyfrowa deska rozdzielcza na ekranie 5,5&#8243; TFT z AmbiLight</p>
<p>Reflektory przeciwmgłowe LED z funkcją doświetlania zakrętów</p>
<p>Czujnik deszczu</p>
<p>Obręcze aluminiowe 18&#8221; czarne Noir Onyx AEROBLADE</p>
<p>Możliwość zakupu w systemie ratalnym: 50/50, 60/40 lub tradycyjny kredyt konsumencki albo leasing</p>
<p>Przyjmujemy w rozliczeniu samochody wszystkich marek</p>
<p>Możliwość ubezpieczenia auta na miejscu.Promocyjne pakiety ubezpieczenia</p>
<p>Samochód do obejrzenia w Salonie w Katowicach Al. Roździeńskiego 170</p>
<p>Salon czynny od pon. – pt. w godzinach 9:00 – 18:00, sobota 9:00-14:00</p>
<p><span class="ooa-1kxpgnj" data-testid="invisibleSpan"> </span></p>

<p>Wyposażenie dodatkowe zawarte w cenie: 1. PODGRZEWANA SZYBA PRZEDNIA, KIEROWNICA I FOTELE PRZEDNIE 2. Lakier metalizowany Noir Perla Nera Wyposażenie wersja PLUS min: Kamera cofania + tylne czujniki parkowania Klimatyzacja automatyczna dwustrefowa Szyby tylne przyciemniane Kanapa tylna z otworem na narty, podłokietnikiem i uchwytami na kubki Hamulec postojowy elektryczny Szyby barwione Lusterka boczne sterowane elektrycznie [&hellip;]</p>
