{"id":12744,"date":"2026-08-25T13:35:58","date_gmt":"2026-08-25T11:35:58","guid":{"rendered":"https:\/\/www.auto-gazda.pl\/citroen\/?post_type=samochody&#038;p=12744"},"modified":"2026-08-25T13:35:58","modified_gmt":"2026-08-25T11:35:58","slug":"citroen-berlingo-diesel-1-5-bhdi-100km-manualna-plus-2","status":"publish","type":"samochody","link":"https:\/\/www.auto-gazda.pl\/citroen\/samochody\/citroen-berlingo-diesel-1-5-bhdi-100km-manualna-plus-2\/","title":{"rendered":"Citroen Berlingo DIESEL 1.5 BHDi 100KM Manualna PLUS"},"content":{"rendered":"<p>Citroen Berlingo DIESEL 1.5 BHDi 100KM Manualna PLUS<\/p>\n<div class=\"cs-summary-step-title brand-c\">\n<h2 class=\"cs-summary-step-title-content brand-c\">Wyposa\u017cenie seryjne<\/h2>\n<\/div>\n<div class=\"standard-equipments brand-c\">\n<div class=\"standard-equipments__equipments-wrapper brand-c\">\n<div class=\"standard-equipments__equipments-list-wrapper brand-c\"><\/div>\n<\/div>\n<div class=\"standard-equipments__equipments-wrapper brand-c\">\n<div class=\"standard-equipments__equipments-list-wrapper brand-c\">\n<div>\n<p>10&#8243; kolorowy, ekran dotykowy o rozdzielczo\u015bci HD<\/p>\n<p>System multimedialny IVI MID<\/p>\n<p>Szyny drzwi przesuwnych z czarnym wyko\u0144czeniem<\/p>\n<p>\u015awiatla dzienne LED<\/p>\n<p>Hamulec postojowy elektryczny<\/p>\n<p>Sze\u015b\u0107 poduszek bezpiecze\u0144stwa<\/p>\n<p>Reflektory przednie przeciwmg\u0142owe<\/p>\n<p>Po\u015brednia kontrola ci\u015bnienia w ogumieniu<\/p>\n<p>ESP + ABS + AFU + ESC + ASR + Hill Assist<\/p>\n<p>Reflektory przednie ECO LED, kierunkowskazy LED<\/p>\n<p>System automatycznego hamowania Active Safety Brake<\/p>\n<p>System monitorowania ogranicze\u0144 pr\u0119dko\u015bci z rekomendacj\u0105 zalecanej pr\u0119dko\u015bci (SLI \/ ISA)<\/p>\n<p>Poduszki bezpieczenstwa czolowe kierowcy i pasazera (podw\u00f3jna) z mozliwoscia odlaczenia<\/p>\n<p>Tempomat z ogranicznikiem pr\u0119dko\u015bci (SL\/CC)<\/p>\n<p>Automatyczny w\u0142\u0105cznik reflektor\u00f3w (czujnik zmierzchu) (HBA)<\/p>\n<p>Pakiet Widoczno\u015b\u0107<\/p>\n<p>Wycieraczka tylnej szyby<\/p>\n<p>Lusterko wsteczne<\/p>\n<p>Czujniki parkowania ty\u0142<\/p>\n<p>Zegary cyfrowe<\/p>\n<p>Pakiet Safety GSRV 2.2<\/p>\n<p>Standardowy prze\u015bwit<\/p>\n<p>Kanapa w drugim rz\u0119dzie sk\u0142adana 2\/3 &#8211; 1\/3<\/p>\n<p>Fotel pasazera pojedynczy ze skladanym oparciem<\/p>\n<p>Fotel kierowcy KOMFORT<\/p>\n<p>Fotel pasa\u017cera sk\u0142adany<\/p>\n<p>Fotel kierowcy NCAP<\/p>\n<p>Czarny b\u0142yszcz\u0105cy spojler aerodynamiczny<\/p>\n<p>Dekory zewn\u0119trzne bia\u0142e<\/p>\n<p>Brak monogramu<\/p>\n<p>Dolne wyko\u0144czenie zderzak\u00f3w prz\u00f3d i ty\u0142 &#8211; czarne<\/p>\n<p>Dolne wyko\u0144czenie zderzak\u00f3w prz\u00f3d ty\u0142 &#8211; czarne<\/p>\n<p>Obudowy lusterek bocznych lakierowane w kolorze Noir Obsidien<\/p>\n<p>Przygotowanie do monta\u017cu reling\u00f3w dachowych<\/p>\n<p>Drzwi przesuwne z prawej strony z uchylnym oknem + uchylne okno po lewej stronie + okna w trzecim rz\u0119dzie<\/p>\n<p>Klapa tylna z ogrzewan\u0105 szyb\u0105 i wycieraczk\u0105<\/p>\n<p>Drzwi przesuwne z prawej strony<\/p>\n<p>Felgi stalowe czarne 16&#8243; z kolpakami TWIRL<\/p>\n<p>4 punkty mocowania w dolnej cz\u0119\u015bci baga\u017cnika<\/p>\n<p>P\u00f3\u0142ka (L)\/ roleta (XL) przykrywaj\u0105ca przestrze\u0144 baga\u017cow\u0105<\/p>\n<p>Zestaw naprawczy (uproszczony)<\/p>\n<p>Standardowa \u0142adowno\u015b\u0107<\/p>\n<p>Sterowanie radia z kierownicy<\/p>\n<p>Klamki wewn\u0119trzne w R1 chromowane<\/p>\n<p>Kierownica z dekorami Chrome satin<\/p>\n<p>Konsola niska<\/p>\n<p>Kierownica po lewej stronie<\/p>\n<p>Dekory deski rozdzielczej Mistral<\/p>\n<p>Stoliki lotnicze i kieszenie w oparciach foteli R1<\/p>\n<p>Cyfrowy zestaw wska\u017cnik\u00f3w 10&#8243;<\/p>\n<p>P\u00f3\u0142ka podsufitowa<\/p>\n<p>Wyk\u0142adzina na pod\u0142odze i w baga\u017cniku<\/p>\n<p>Zamykane schowki: 1 po stronie kierowcy nad zestawem zegar\u00f3w, 2 po stronie pasa\u017cera (g\u00f3rny sch\u0142adzany)<\/p>\n<p>Pr\u0119dko\u015bciomierz wyskalowany w KMH<\/p>\n<p>Gniazdo 12 V na desce rozdzielczej<\/p>\n<p>Lusterka boczne sterowane elektrycznie, podgrzewane<\/p>\n<p>Filtr py\u0142k\u00f3w<\/p>\n<p>Centralny zamek (kluczyk zwykly + kluczyk z pilotem)<\/p>\n<p>Szyby przednie elektryczne<\/p>\n<p>Szyby przednie elektryczne<\/p>\n<p>Klimatyzacja manualna<\/p>\n<\/div>\n<\/div>\n<h4 class=\"cs-summary-step-title-content brand-c\">Opcje dodatkowe:<\/h4>\n<ul>\n<li>Predyspozycja do monta\u017cu haka holowniczego<\/li>\n<li>Czujniki parkowania ty\u0142 plus kamera cofania<\/li>\n<\/ul>\n<\/div>\n<div class=\"standard-equipments__equipments-wrapper brand-c\">\n<div class=\"standard-equipments__equipments-title-wrapper brand-c\">\n<div class=\"standard-equipments__equipments-title brand-c\"><\/div>\n<\/div>\n<\/div>\n<div class=\"standard-equipments__equipments-wrapper brand-c\">\n<p>Mo\u017cliwo\u015b\u0107 zakupu w systemie ratalnym: 60\/40, po\u017cyczka 0%, Abonament SimplyDrive lub tradycyjny kredyt konsumencki albo leasing,<\/p>\n<p>Przyjmujemy w rozliczeniu samochody wszystkich marek<\/p>\n<p>Mo\u017cliwo\u015b\u0107 ubezpieczenia auta na miejscu. Promocyjne pakiety ubezpieczenia<\/p>\n<p>&nbsp;<\/p>\n<p>Salon czynny od pon. \u2013 pt. w godzinach 9:00 \u2013 18:00, sobota 9:00-14:00<\/p>\n<p>&nbsp;<\/p>\n<p>Niniejsze og\u0142oszenie jest wy\u0142\u0105cznie informacj\u0105 handlow\u0105 i nie stanowi oferty w my\u015bl art. 66, \u00a7 1. Kodeksu Cywilnego.<\/p>\n<\/div>\n<div class=\"standard-equipments__equipments-wrapper brand-c\">\n<div class=\"standard-equipments__equipments-title-wrapper brand-c\"><\/div>\n<div class=\"standard-equipments__equipments-list-wrapper brand-c\"><\/div>\n<\/div>\n<\/div>\n","protected":false},"excerpt":{"rendered":"<p>Citroen Berlingo DIESEL 1.5 BHDi 100KM Manualna PLUS Wyposa\u017cenie seryjne 10&#8243; kolorowy, ekran dotykowy o rozdzielczo\u015bci HD System multimedialny IVI MID Szyny drzwi przesuwnych z czarnym wyko\u0144czeniem \u015awiatla dzienne LED Hamulec postojowy elektryczny Sze\u015b\u0107 poduszek bezpiecze\u0144stwa Reflektory przednie przeciwmg\u0142owe Po\u015brednia kontrola ci\u015bnienia w ogumieniu ESP + ABS + AFU + ESC + ASR + Hill [&hellip;]<\/p>\n","protected":false},"author":10,"featured_media":12745,"template":"","marki":[22],"modele":[9],"stany":[23],"rodzaje-paliwa":[28],"skrzynie-biegow":[34],"napedy":[39],"lokalizacje":[44],"class_list":["post-12744","samochody","type-samochody","status-publish","has-post-thumbnail","hentry","marki-citroen","modele-berlingo","stany-nowy","rodzaje_paliwa-diesel","skrzynie_biegow-manualna","napedy-na-przednie-kola","lokalizacje-bielsko-biala"],"acf":[],"_links":{"self":[{"href":"https:\/\/www.auto-gazda.pl\/citroen\/wp-json\/wp\/v2\/samochody\/12744","targetHints":{"allow":["GET"]}}],"collection":[{"href":"https:\/\/www.auto-gazda.pl\/citroen\/wp-json\/wp\/v2\/samochody"}],"about":[{"href":"https:\/\/www.auto-gazda.pl\/citroen\/wp-json\/wp\/v2\/types\/samochody"}],"author":[{"embeddable":true,"href":"https:\/\/www.auto-gazda.pl\/citroen\/wp-json\/wp\/v2\/users\/10"}],"wp:featuredmedia":[{"embeddable":true,"href":"https:\/\/www.auto-gazda.pl\/citroen\/wp-json\/wp\/v2\/media\/12745"}],"wp:attachment":[{"href":"https:\/\/www.auto-gazda.pl\/citroen\/wp-json\/wp\/v2\/media?parent=12744"}],"wp:term":[{"taxonomy":"marki","embeddable":true,"href":"https:\/\/www.auto-gazda.pl\/citroen\/wp-json\/wp\/v2\/marki?post=12744"},{"taxonomy":"modele","embeddable":true,"href":"https:\/\/www.auto-gazda.pl\/citroen\/wp-json\/wp\/v2\/modele?post=12744"},{"taxonomy":"stany","embeddable":true,"href":"https:\/\/www.auto-gazda.pl\/citroen\/wp-json\/wp\/v2\/stany?post=12744"},{"taxonomy":"rodzaje_paliwa","embeddable":true,"href":"https:\/\/www.auto-gazda.pl\/citroen\/wp-json\/wp\/v2\/rodzaje-paliwa?post=12744"},{"taxonomy":"skrzynie_biegow","embeddable":true,"href":"https:\/\/www.auto-gazda.pl\/citroen\/wp-json\/wp\/v2\/skrzynie-biegow?post=12744"},{"taxonomy":"napedy","embeddable":true,"href":"https:\/\/www.auto-gazda.pl\/citroen\/wp-json\/wp\/v2\/napedy?post=12744"},{"taxonomy":"lokalizacje","embeddable":true,"href":"https:\/\/www.auto-gazda.pl\/citroen\/wp-json\/wp\/v2\/lokalizacje?post=12744"}],"curies":[{"name":"wp","href":"https:\/\/api.w.org\/{rel}","templated":true}]}}

<p>Citroen Berlingo DIESEL 1.5 BHDi 100KM Manualna PLUS</p>
<div class="cs-summary-step-title brand-c">
<h2 class="cs-summary-step-title-content brand-c">Wyposażenie seryjne</h2>
</div>
<div class="standard-equipments brand-c">
<div class="standard-equipments__equipments-wrapper brand-c">
<div class="standard-equipments__equipments-list-wrapper brand-c"></div>
</div>
<div class="standard-equipments__equipments-wrapper brand-c">
<div class="standard-equipments__equipments-list-wrapper brand-c">
<div>
<p>10&#8243; kolorowy, ekran dotykowy o rozdzielczości HD</p>
<p>System multimedialny IVI MID</p>
<p>Szyny drzwi przesuwnych z czarnym wykończeniem</p>
<p>Światla dzienne LED</p>
<p>Hamulec postojowy elektryczny</p>
<p>Sześć poduszek bezpieczeństwa</p>
<p>Reflektory przednie przeciwmgłowe</p>
<p>Pośrednia kontrola ciśnienia w ogumieniu</p>
<p>ESP + ABS + AFU + ESC + ASR + Hill Assist</p>
<p>Reflektory przednie ECO LED, kierunkowskazy LED</p>
<p>System automatycznego hamowania Active Safety Brake</p>
<p>System monitorowania ograniczeń prędkości z rekomendacją zalecanej prędkości (SLI / ISA)</p>
<p>Poduszki bezpieczenstwa czolowe kierowcy i pasazera (podwójna) z mozliwoscia odlaczenia</p>
<p>Tempomat z ogranicznikiem prędkości (SL/CC)</p>
<p>Automatyczny włącznik reflektorów (czujnik zmierzchu) (HBA)</p>
<p>Pakiet Widoczność</p>
<p>Wycieraczka tylnej szyby</p>
<p>Lusterko wsteczne</p>
<p>Czujniki parkowania tył</p>
<p>Zegary cyfrowe</p>
<p>Pakiet Safety GSRV 2.2</p>
<p>Standardowy prześwit</p>
<p>Kanapa w drugim rzędzie składana 2/3 &#8211; 1/3</p>
<p>Fotel pasazera pojedynczy ze skladanym oparciem</p>
<p>Fotel kierowcy KOMFORT</p>
<p>Fotel pasażera składany</p>
<p>Fotel kierowcy NCAP</p>
<p>Czarny błyszczący spojler aerodynamiczny</p>
<p>Dekory zewnętrzne białe</p>
<p>Brak monogramu</p>
<p>Dolne wykończenie zderzaków przód i tył &#8211; czarne</p>
<p>Dolne wykończenie zderzaków przód tył &#8211; czarne</p>
<p>Obudowy lusterek bocznych lakierowane w kolorze Noir Obsidien</p>
<p>Przygotowanie do montażu relingów dachowych</p>
<p>Drzwi przesuwne z prawej strony z uchylnym oknem + uchylne okno po lewej stronie + okna w trzecim rzędzie</p>
<p>Klapa tylna z ogrzewaną szybą i wycieraczką</p>
<p>Drzwi przesuwne z prawej strony</p>
<p>Felgi stalowe czarne 16&#8243; z kolpakami TWIRL</p>
<p>4 punkty mocowania w dolnej części bagażnika</p>
<p>Półka (L)/ roleta (XL) przykrywająca przestrzeń bagażową</p>
<p>Zestaw naprawczy (uproszczony)</p>
<p>Standardowa ładowność</p>
<p>Sterowanie radia z kierownicy</p>
<p>Klamki wewnętrzne w R1 chromowane</p>
<p>Kierownica z dekorami Chrome satin</p>
<p>Konsola niska</p>
<p>Kierownica po lewej stronie</p>
<p>Dekory deski rozdzielczej Mistral</p>
<p>Stoliki lotnicze i kieszenie w oparciach foteli R1</p>
<p>Cyfrowy zestaw wskażników 10&#8243;</p>
<p>Półka podsufitowa</p>
<p>Wykładzina na podłodze i w bagażniku</p>
<p>Zamykane schowki: 1 po stronie kierowcy nad zestawem zegarów, 2 po stronie pasażera (górny schładzany)</p>
<p>Prędkościomierz wyskalowany w KMH</p>
<p>Gniazdo 12 V na desce rozdzielczej</p>
<p>Lusterka boczne sterowane elektrycznie, podgrzewane</p>
<p>Filtr pyłków</p>
<p>Centralny zamek (kluczyk zwykly + kluczyk z pilotem)</p>
<p>Szyby przednie elektryczne</p>
<p>Szyby przednie elektryczne</p>
<p>Klimatyzacja manualna</p>
</div>
</div>
<h4 class="cs-summary-step-title-content brand-c">Opcje dodatkowe:</h4>
<ul>
<li>Predyspozycja do montażu haka holowniczego</li>
<li>Czujniki parkowania tył plus kamera cofania</li>
</ul>
</div>
<div class="standard-equipments__equipments-wrapper brand-c">
<div class="standard-equipments__equipments-title-wrapper brand-c">
<div class="standard-equipments__equipments-title brand-c"></div>
</div>
</div>
<div class="standard-equipments__equipments-wrapper brand-c">
<p>Możliwość zakupu w systemie ratalnym: 60/40, pożyczka 0%, Abonament SimplyDrive lub tradycyjny kredyt konsumencki albo leasing,</p>
<p>Przyjmujemy w rozliczeniu samochody wszystkich marek</p>
<p>Możliwość ubezpieczenia auta na miejscu. Promocyjne pakiety ubezpieczenia</p>
<p>&nbsp;</p>
<p>Salon czynny od pon. – pt. w godzinach 9:00 – 18:00, sobota 9:00-14:00</p>
<p>&nbsp;</p>
<p>Niniejsze ogłoszenie jest wyłącznie informacją handlową i nie stanowi oferty w myśl art. 66, § 1. Kodeksu Cywilnego.</p>
</div>
<div class="standard-equipments__equipments-wrapper brand-c">
<div class="standard-equipments__equipments-title-wrapper brand-c"></div>
<div class="standard-equipments__equipments-list-wrapper brand-c"></div>
</div>
</div>

<p>Citroen Berlingo DIESEL 1.5 BHDi 100KM Manualna PLUS Wyposażenie seryjne 10&#8243; kolorowy, ekran dotykowy o rozdzielczości HD System multimedialny IVI MID Szyny drzwi przesuwnych z czarnym wykończeniem Światla dzienne LED Hamulec postojowy elektryczny Sześć poduszek bezpieczeństwa Reflektory przednie przeciwmgłowe Pośrednia kontrola ciśnienia w ogumieniu ESP + ABS + AFU + ESC + ASR + Hill [&hellip;]</p>
