{"id":828,"date":"2022-10-20T15:13:27","date_gmt":"2022-10-20T13:13:27","guid":{"rendered":"https:\/\/www.auto-gazda.pl\/citroen\/?page_id=828"},"modified":"2025-09-09T13:02:02","modified_gmt":"2025-09-09T11:02:02","slug":"citroen-c5-x","status":"publish","type":"page","link":"https:\/\/www.auto-gazda.pl\/citroen\/lp\/citroen-c5-x\/","title":{"rendered":"Citro\u00ebn C5 X i C5 X Plug-In Hybrid"},"content":{"rendered":"<p style=\"text-align: center;\">Nowy Citro\u00ebn C5 X to unikalne po\u0142\u0105czenie\u00a0elegancji sedana, dynamicznego stylu kombi i podwy\u017cszonej sylwetki typowej dla segmentu SUV.<\/p>\n<h3 style=\"text-align: center;\">Zapytaj o dost\u0119pne modele<\/h3>\n<h3 style=\"text-align: center;\">Wy\u015blij formularz kontaktowy<\/h3>\n","protected":false},"excerpt":{"rendered":"<p>Nowy Citro\u00ebn C5 X to unikalne po\u0142\u0105czenie\u00a0elegancji sedana, dynamicznego stylu kombi i podwy\u017cszonej sylwetki typowej dla segmentu SUV. Zapytaj o dost\u0119pne modele Wy\u015blij formularz kontaktowy<\/p>\n","protected":false},"author":3,"featured_media":0,"parent":358,"menu_order":18,"comment_status":"closed","ping_status":"closed","template":"","meta":{"_acf_changed":false,"footnotes":""},"class_list":["post-828","page","type-page","status-publish","hentry"],"acf":[],"_links":{"self":[{"href":"https:\/\/www.auto-gazda.pl\/citroen\/wp-json\/wp\/v2\/pages\/828","targetHints":{"allow":["GET"]}}],"collection":[{"href":"https:\/\/www.auto-gazda.pl\/citroen\/wp-json\/wp\/v2\/pages"}],"about":[{"href":"https:\/\/www.auto-gazda.pl\/citroen\/wp-json\/wp\/v2\/types\/page"}],"author":[{"embeddable":true,"href":"https:\/\/www.auto-gazda.pl\/citroen\/wp-json\/wp\/v2\/users\/3"}],"replies":[{"embeddable":true,"href":"https:\/\/www.auto-gazda.pl\/citroen\/wp-json\/wp\/v2\/comments?post=828"}],"version-history":[{"count":0,"href":"https:\/\/www.auto-gazda.pl\/citroen\/wp-json\/wp\/v2\/pages\/828\/revisions"}],"up":[{"embeddable":true,"href":"https:\/\/www.auto-gazda.pl\/citroen\/wp-json\/wp\/v2\/pages\/358"}],"wp:attachment":[{"href":"https:\/\/www.auto-gazda.pl\/citroen\/wp-json\/wp\/v2\/media?parent=828"}],"curies":[{"name":"wp","href":"https:\/\/api.w.org\/{rel}","templated":true}]}}